--
-- Host: localhost    Database: cbr_new
-- ------------------------------------------------------


--
-- Table structure for table `ad_images`
--

CREATE TABLE `ad_images` (
  `id` bigint(20) unsigned NOT NULL AUTO_INCREMENT,
  `ad_id` bigint(20) unsigned NOT NULL,
  `path` varchar(255) NOT NULL,
  `order_index` smallint(5) unsigned NOT NULL DEFAULT 0,
  `created_at` timestamp NULL DEFAULT NULL,
  `updated_at` timestamp NULL DEFAULT NULL,
  PRIMARY KEY (`id`),
  KEY `ad_images_ad_id_foreign` (`ad_id`),
  CONSTRAINT `ad_images_ad_id_foreign` FOREIGN KEY (`ad_id`) REFERENCES `ads` (`id`) ON DELETE CASCADE
) ENGINE=InnoDB DEFAULT CHARSET=utf8mb4 COLLATE=utf8mb4_unicode_ci;

--
-- Dumping data for table `ad_images`
--


--
-- Table structure for table `ad_user`
--

CREATE TABLE `ad_user` (
  `ad_id` bigint(20) unsigned NOT NULL,
  `user_id` bigint(20) unsigned NOT NULL,
  PRIMARY KEY (`ad_id`,`user_id`),
  KEY `ad_user_user_id_foreign` (`user_id`),
  CONSTRAINT `ad_user_ad_id_foreign` FOREIGN KEY (`ad_id`) REFERENCES `ads` (`id`) ON DELETE CASCADE,
  CONSTRAINT `ad_user_user_id_foreign` FOREIGN KEY (`user_id`) REFERENCES `users` (`id`) ON DELETE CASCADE
) ENGINE=InnoDB DEFAULT CHARSET=utf8mb4 COLLATE=utf8mb4_unicode_ci;

--
-- Dumping data for table `ad_user`
--


--
-- Table structure for table `ads`
--

CREATE TABLE `ads` (
  `id` bigint(20) unsigned NOT NULL AUTO_INCREMENT,
  `user_id` bigint(20) unsigned NOT NULL,
  `category_id` bigint(20) unsigned NOT NULL,
  `location_id` bigint(20) unsigned NOT NULL,
  `title` varchar(255) NOT NULL,
  `description` text NOT NULL,
  `price` decimal(15,2) DEFAULT NULL,
  `status` enum('active','pending','expired','deleted') NOT NULL DEFAULT 'pending',
  `published_at` timestamp NULL DEFAULT NULL,
  `expires_at` timestamp NULL DEFAULT NULL,
  `slug` varchar(255) NOT NULL,
  `legacy_id` bigint(20) unsigned DEFAULT NULL,
  `url_prefix` tinyint(3) unsigned NOT NULL DEFAULT 42,
  `metadata` longtext CHARACTER SET utf8mb4 COLLATE utf8mb4_bin DEFAULT NULL CHECK (json_valid(`metadata`)),
  `hits` int(10) unsigned NOT NULL DEFAULT 0,
  `created_at` timestamp NULL DEFAULT NULL,
  `updated_at` timestamp NULL DEFAULT NULL,
  `deleted_at` timestamp NULL DEFAULT NULL,
  PRIMARY KEY (`id`),
  UNIQUE KEY `ads_slug_unique` (`slug`),
  UNIQUE KEY `ads_legacy_id_unique` (`legacy_id`),
  KEY `ads_user_id_foreign` (`user_id`),
  KEY `ads_category_id_foreign` (`category_id`),
  KEY `ads_location_id_foreign` (`location_id`),
  CONSTRAINT `ads_category_id_foreign` FOREIGN KEY (`category_id`) REFERENCES `categories` (`id`) ON DELETE CASCADE,
  CONSTRAINT `ads_location_id_foreign` FOREIGN KEY (`location_id`) REFERENCES `locations` (`id`) ON DELETE CASCADE,
  CONSTRAINT `ads_user_id_foreign` FOREIGN KEY (`user_id`) REFERENCES `users` (`id`) ON DELETE CASCADE
) ENGINE=InnoDB AUTO_INCREMENT=201 DEFAULT CHARSET=utf8mb4 COLLATE=utf8mb4_unicode_ci;

--
-- Dumping data for table `ads`
--

INSERT INTO `ads` VALUES
(1,4,2,8,'Dolorem ut magnam corrupti aliquam.','Unde ut similique labore quasi. Est id et perspiciatis deleniti quisquam. Ea voluptates dolorem nostrum dolores delectus enim maxime. Error non et repellat eius sunt praesentium doloremque. Eum impedit fugit ullam provident cupiditate.',10156.87,'active','2025-07-03 06:10:17','2025-08-02 06:10:17','/nova-iguacu/apartamentos/42-1',NULL,42,'{\"phone\":\"+1-934-919-6811\",\"contact_name\":\"Mrs. Mckayla Barrows\"}',0,'2025-07-03 06:10:17','2025-07-03 06:10:17',NULL),
(2,15,2,3,'Id et et quae mollitia velit.','Quibusdam maiores nihil repellendus nemo voluptatem cumque iure. Dolorem deserunt sapiente sed rerum nobis dolores voluptatem. Voluptatibus voluptatum quod nostrum aut ex. Tempora animi est unde nihil voluptatem. Qui nihil qui reprehenderit dolore quos rerum.',2035.29,'active','2025-07-03 06:10:17','2025-08-02 06:10:17','/campinas/apartamentos/42-2',NULL,42,'{\"phone\":\"1-409-490-2774\",\"contact_name\":\"Maximillia Batz IV\"}',0,'2025-07-03 06:10:17','2025-07-03 06:10:17',NULL),
(3,20,6,7,'Recusandae laudantium cum laudantium minima amet.','Hic magnam dolorem velit cumque eius sapiente. Dolorem laudantium commodi vitae hic iure nam. Dolore sed tempore praesentium eius fuga dolores. Reiciendis eligendi et doloribus.',10295.38,'active','2025-07-03 06:10:17','2025-08-02 06:10:17','/niteroi/carros/42-3',NULL,42,'{\"phone\":\"+12206172299\",\"contact_name\":\"Mr. Antonio Gerhold\"}',0,'2025-07-03 06:10:17','2025-07-03 06:10:17',NULL),
(4,14,7,2,'Consectetur maiores praesentium et esse tenetur.','Culpa ullam voluptatem est qui. Fugiat quos ullam eum non. Et dolorem amet nesciunt facilis quia.',3959.57,'active','2025-07-03 06:10:17','2025-08-02 06:10:17','/sao-paulo-cidade/motos/42-4',NULL,42,'{\"phone\":\"1-432-249-4656\",\"contact_name\":\"Vito Mraz\"}',0,'2025-07-03 06:10:17','2025-07-03 06:10:17',NULL),
(5,14,7,2,'Pariatur laborum voluptatem rerum fugit.','Repudiandae dolores et distinctio ad tenetur. Maxime ut deserunt voluptatum cumque. Vitae quas eum et culpa. Aperiam corrupti dolorem fugiat aspernatur voluptatibus eligendi.',497.34,'active','2025-07-03 06:10:17','2025-08-02 06:10:17','/sao-paulo-cidade/motos/42-5',NULL,42,'{\"phone\":\"220.561.2056\",\"contact_name\":\"Dovie Buckridge DDS\"}',0,'2025-07-03 06:10:17','2025-07-03 06:10:17',NULL),
(6,4,8,3,'Autem numquam et molestiae nam.','Sit enim ut optio. Voluptatem libero et officia explicabo doloribus id. Quaerat mollitia doloribus natus occaecati et perspiciatis. Officia et tempore quos iusto eaque temporibus consequatur. Et ratione velit qui molestiae sit sint.',288.40,'active','2025-07-03 06:10:17','2025-08-02 06:10:17','/campinas/caminhoes/42-6',NULL,42,'{\"phone\":\"563.783.4947\",\"contact_name\":\"Edwina Hammes\"}',0,'2025-07-03 06:10:17','2025-07-03 06:10:17',NULL),
(7,10,6,11,'Amet ea et odit quod ullam.','Ipsa ullam harum temporibus unde. Explicabo fugit perferendis soluta. Sed iusto deserunt soluta. Delectus dolorem aut a ipsa velit est eius soluta. Architecto aut eum voluptatum enim voluptas placeat et. Quia quo iure qui.',3333.92,'active','2025-07-03 06:10:17','2025-08-02 06:10:17','/uberlandia/carros/42-7',NULL,42,'{\"phone\":\"(435) 938-2982\",\"contact_name\":\"Mr. Hobart Jenkins MD\"}',0,'2025-07-03 06:10:17','2025-07-03 06:10:17',NULL),
(8,5,8,4,'Omnis explicabo excepturi consectetur incidunt.','Eos in minus ipsa fugit repellat recusandae molestiae veniam. Minima ut consequatur perferendis. Harum perspiciatis iure eos consequatur ducimus. Asperiores incidunt quibusdam architecto. Dolores aliquid magni vel nihil hic voluptatem cum. Tenetur soluta quod et consequatur et ad excepturi.',9772.62,'active','2025-07-03 06:10:17','2025-08-02 06:10:17','/guarulhos/caminhoes/42-8',NULL,42,'{\"phone\":\"+13139874523\",\"contact_name\":\"Breanna Littel\"}',0,'2025-07-03 06:10:17','2025-07-03 06:10:17',NULL),
(9,7,8,12,'Magnam repudiandae provident repellendus sapiente quia eum.','Debitis temporibus ex aliquam dolores voluptates. Distinctio aut quo in fugit sequi ullam in. Voluptate omnis asperiores assumenda est. Nihil qui quis quibusdam voluptate tempore. Voluptatem fugiat ducimus est aliquam.',14785.19,'active','2025-07-03 06:10:17','2025-08-02 06:10:17','/contagem/caminhoes/42-9',NULL,42,'{\"phone\":\"1-630-745-1240\",\"contact_name\":\"Grayson Davis\"}',0,'2025-07-03 06:10:17','2025-07-03 06:10:17',NULL),
(10,4,6,6,'Doloremque earum reprehenderit eum laborum voluptates.','Neque deleniti ullam culpa facere nesciunt doloremque numquam. Repellat alias ea ipsam nihil expedita et. Et repudiandae aut esse et quae error ut ipsam. Quaerat ut vitae et cum consequuntur fuga. Minus ut officia qui in est voluptatibus alias. Ea id voluptatem ex.',7917.74,'active','2025-07-03 06:10:17','2025-08-02 06:10:17','/rio-de-janeiro-cidade/carros/42-10',NULL,42,'{\"phone\":\"1-813-707-5482\",\"contact_name\":\"Eryn McCullough\"}',0,'2025-07-03 06:10:17','2025-07-03 06:10:17',NULL),
(11,4,2,6,'Dicta est est ea saepe.','Est consectetur laboriosam ratione et delectus doloremque exercitationem corporis. Eligendi totam consequatur esse est architecto omnis rem minus. Magni aut aut rerum et corrupti totam.',14205.64,'active','2025-07-03 06:10:17','2025-08-02 06:10:17','/rio-de-janeiro-cidade/apartamentos/42-11',NULL,42,'{\"phone\":\"432.649.0201\",\"contact_name\":\"Jarred Kassulke\"}',0,'2025-07-03 06:10:17','2025-07-03 06:10:17',NULL),
(12,2,7,11,'Id commodi quia omnis sit tenetur.','Rem dolorem quia quis dolor. Explicabo vitae dolore libero aut autem laboriosam dolores eligendi. A reprehenderit enim omnis.',4050.62,'active','2025-07-03 06:10:17','2025-08-02 06:10:17','/uberlandia/motos/42-12',NULL,42,'{\"phone\":\"772.596.0159\",\"contact_name\":\"Dillan Pagac\"}',0,'2025-07-03 06:10:17','2025-07-03 06:10:17',NULL),
(13,14,4,8,'Vero omnis est dolores.','Fugiat est id ut vel. In aperiam ipsum velit. Velit iusto rem et libero quis omnis dolorem quia. Ut magni error omnis unde voluptatibus exercitationem. Qui dolorem expedita qui est. Laudantium qui nam reiciendis aut sunt fugit cumque.',11655.84,'active','2025-07-03 06:10:17','2025-08-02 06:10:17','/nova-iguacu/terrenos/42-13',NULL,42,'{\"phone\":\"860.625.1042\",\"contact_name\":\"Velma Goodwin DVM\"}',0,'2025-07-03 06:10:17','2025-07-03 06:10:17',NULL),
(14,14,7,4,'Ut ad enim molestiae ut qui.','Facere impedit et mollitia repellat et et sint. Aut non cum non velit consequatur. Excepturi dolores voluptatem architecto. Consequatur esse quia ea iure ducimus error.',9477.67,'active','2025-07-03 06:10:17','2025-08-02 06:10:17','/guarulhos/motos/42-14',NULL,42,'{\"phone\":\"781-349-1324\",\"contact_name\":\"Prof. Cara Haley\"}',0,'2025-07-03 06:10:17','2025-07-03 06:10:17',NULL),
(15,6,2,3,'Facere possimus quidem ducimus sunt rerum dolorum.','Dolor dolor ea consectetur voluptatem numquam. Qui magnam nihil doloremque voluptatibus et. Ipsam aut accusamus est aut totam qui.',6536.43,'active','2025-07-03 06:10:17','2025-08-02 06:10:17','/campinas/apartamentos/42-15',NULL,42,'{\"phone\":\"219.202.1384\",\"contact_name\":\"Miss Lyla Schiller II\"}',0,'2025-07-03 06:10:17','2025-07-03 06:10:17',NULL),
(16,9,8,7,'Eum velit blanditiis eos recusandae accusamus.','Nemo cumque eum minima. Et aut qui sequi vel. Nam beatae occaecati itaque minima qui debitis. Dicta a iure eum omnis.',1592.42,'active','2025-07-03 06:10:17','2025-08-02 06:10:17','/niteroi/caminhoes/42-16',NULL,42,'{\"phone\":\"1-445-802-8523\",\"contact_name\":\"Alta Kling DVM\"}',0,'2025-07-03 06:10:17','2025-07-03 06:10:17',NULL),
(17,11,6,6,'Repellendus omnis delectus voluptas est.','Vel est est qui est aut architecto asperiores. Quia est voluptas deserunt officia. Suscipit modi exercitationem velit repudiandae est totam dolore. Et qui sed quaerat cumque.',10588.31,'active','2025-07-03 06:10:17','2025-08-02 06:10:17','/rio-de-janeiro-cidade/carros/42-17',NULL,42,'{\"phone\":\"714-960-0166\",\"contact_name\":\"Ramon Donnelly\"}',0,'2025-07-03 06:10:17','2025-07-03 06:10:17',NULL),
(18,11,8,12,'Perspiciatis quisquam consequatur animi.','Quaerat saepe sequi corporis sit dolores maiores. Delectus voluptas excepturi cumque ut maxime. Aperiam dolor quia nostrum eligendi omnis facilis. Maxime quidem sunt libero voluptatem iusto pariatur.',2165.06,'active','2025-07-03 06:10:17','2025-08-02 06:10:17','/contagem/caminhoes/42-18',NULL,42,'{\"phone\":\"1-762-583-0459\",\"contact_name\":\"Annamae Bergnaum\"}',0,'2025-07-03 06:10:17','2025-07-03 06:10:17',NULL),
(19,17,7,7,'Suscipit voluptas dolore voluptatem.','Suscipit qui adipisci aut nobis vel et eum suscipit. Sit neque rerum quos recusandae. Nobis repellendus deserunt quis id ea.',8931.55,'active','2025-07-03 06:10:17','2025-08-02 06:10:17','/niteroi/motos/42-19',NULL,42,'{\"phone\":\"(779) 749-3293\",\"contact_name\":\"Magnolia Gislason\"}',0,'2025-07-03 06:10:17','2025-07-03 06:10:17',NULL),
(20,16,8,10,'Reiciendis at molestias corporis labore qui hic.','Sequi esse temporibus in error. Ipsa autem officia nisi tempore. Sed libero accusantium et mollitia fugiat necessitatibus et.',14435.70,'active','2025-07-03 06:10:17','2025-08-02 06:10:17','/belo-horizonte/caminhoes/42-20',NULL,42,'{\"phone\":\"+1-682-368-0592\",\"contact_name\":\"Mrs. Annalise Swift II\"}',0,'2025-07-03 06:10:17','2025-07-03 06:10:17',NULL),
(21,3,2,2,'Eum dignissimos earum eos commodi ullam exercitationem.','Architecto occaecati suscipit sunt eius. Perferendis excepturi veniam incidunt minima ut. Aliquid aut aut eum quia ea. Tempore praesentium rerum occaecati aliquid aut doloremque.',5414.13,'active','2025-07-03 06:10:17','2025-08-02 06:10:17','/sao-paulo-cidade/apartamentos/42-21',NULL,42,'{\"phone\":\"+1-831-587-9244\",\"contact_name\":\"Dr. Stewart Prosacco II\"}',0,'2025-07-03 06:10:17','2025-07-03 06:10:17',NULL),
(22,15,2,6,'Excepturi voluptatem error voluptatibus.','Odit recusandae nesciunt reprehenderit tenetur adipisci culpa occaecati. Et reprehenderit totam sed ad ut sequi maiores. Pariatur est occaecati voluptatem repellendus architecto quam et. Voluptas est dolore neque rem. Nostrum doloremque est fugiat non non minus.',6996.24,'active','2025-07-03 06:10:17','2025-08-02 06:10:17','/rio-de-janeiro-cidade/apartamentos/42-22',NULL,42,'{\"phone\":\"(747) 603-4153\",\"contact_name\":\"Chester Gleason\"}',0,'2025-07-03 06:10:17','2025-07-03 06:10:17',NULL),
(23,13,3,12,'Magnam tempora accusantium sequi facilis.','Ipsam et commodi quidem odio est. Ut autem quia consectetur consequuntur officia maxime facilis. Est recusandae sit laborum hic dolor tempore. Facere dignissimos animi quibusdam. Consectetur unde optio ea excepturi dolores voluptatibus. Aliquid laudantium qui fugit aut et et neque.',12219.17,'active','2025-07-03 06:10:17','2025-08-02 06:10:17','/contagem/casas/42-23',NULL,42,'{\"phone\":\"240-233-4735\",\"contact_name\":\"Mr. Kolby Batz\"}',0,'2025-07-03 06:10:17','2025-07-03 06:10:17',NULL),
(24,17,6,6,'Est dolor quo vero officia eos molestiae.','Qui saepe commodi et cum saepe labore et. Autem qui laboriosam quia rerum explicabo ut perferendis. Alias dolore non voluptatibus amet.',12185.86,'active','2025-07-03 06:10:17','2025-08-02 06:10:17','/rio-de-janeiro-cidade/carros/42-24',NULL,42,'{\"phone\":\"+12764126204\",\"contact_name\":\"Lelia Predovic\"}',0,'2025-07-03 06:10:17','2025-07-03 06:10:17',NULL),
(25,10,7,2,'At rerum sequi quod omnis sed.','Consectetur rerum voluptas facilis et quos quis unde. Laudantium voluptates sit excepturi asperiores. Consequatur vitae non corporis harum.',6076.23,'active','2025-07-03 06:10:17','2025-08-02 06:10:17','/sao-paulo-cidade/motos/42-25',NULL,42,'{\"phone\":\"1-262-710-1818\",\"contact_name\":\"Mr. Josue Koss\"}',0,'2025-07-03 06:10:17','2025-07-03 06:10:17',NULL),
(26,12,7,11,'Quia facere officiis molestiae ut molestias.','Est atque rem aut. Sint beatae non perspiciatis nam eaque ipsa deserunt. Nemo aliquid rerum et laborum corrupti. Quos ipsum molestias quo beatae odit eum.',6617.28,'active','2025-07-03 06:10:17','2025-08-02 06:10:17','/uberlandia/motos/42-26',NULL,42,'{\"phone\":\"+1-503-278-4880\",\"contact_name\":\"Mona Jacobson\"}',0,'2025-07-03 06:10:17','2025-07-03 06:10:17',NULL),
(27,17,7,4,'Consequuntur quia consequatur aliquid cupiditate.','Qui accusamus maxime et voluptatem esse. Quod non sit voluptatem ut sunt in. Minima cumque qui alias quibusdam molestiae quia fuga exercitationem. Eveniet autem accusantium odio nulla. Et et soluta ut laudantium sunt.',7874.56,'active','2025-07-03 06:10:17','2025-08-02 06:10:17','/guarulhos/motos/42-27',NULL,42,'{\"phone\":\"+1-936-397-5144\",\"contact_name\":\"Mrs. Betty Connelly Sr.\"}',0,'2025-07-03 06:10:17','2025-07-03 06:10:17',NULL),
(28,13,4,12,'Aut velit qui necessitatibus.','Tenetur voluptas reiciendis nihil. Rerum rerum itaque beatae molestias. Exercitationem dolorem ab ipsum sequi tempora veniam. Et qui eum nam consequatur sapiente vel. Quisquam corporis ad alias amet possimus. Deleniti sapiente accusantium tempore ipsam iste qui ut.',6214.91,'active','2025-07-03 06:10:17','2025-08-02 06:10:17','/contagem/terrenos/42-28',NULL,42,'{\"phone\":\"+14634259751\",\"contact_name\":\"Prof. Kassandra Raynor\"}',0,'2025-07-03 06:10:17','2025-07-03 06:10:17',NULL),
(29,13,7,4,'Unde dolores eum perferendis non incidunt.','Tempore ratione temporibus eius tempore. Culpa repellendus sit quia incidunt quaerat nihil nam. Aliquid consectetur repellendus vel nobis. Est aspernatur quae vel nemo magni placeat veniam. Consequatur totam id in voluptates temporibus.',11455.52,'active','2025-07-03 06:10:17','2025-08-02 06:10:17','/guarulhos/motos/42-29',NULL,42,'{\"phone\":\"+1 (430) 296-8471\",\"contact_name\":\"Stan Goyette\"}',0,'2025-07-03 06:10:17','2025-07-03 06:10:17',NULL),
(30,10,3,6,'Ea enim consequatur quis minus possimus ratione.','Adipisci necessitatibus vitae vel iste. Recusandae facere suscipit debitis non. Architecto expedita doloremque repellendus dolorem porro aut cupiditate iure. Qui illum temporibus assumenda molestias pariatur eius ab. Animi voluptate quibusdam fuga. Eius ut voluptate omnis corporis.',11642.03,'active','2025-07-03 06:10:17','2025-08-02 06:10:17','/rio-de-janeiro-cidade/casas/42-30',NULL,42,'{\"phone\":\"276.472.3222\",\"contact_name\":\"Laverna Sawayn\"}',0,'2025-07-03 06:10:17','2025-07-03 06:10:17',NULL),
(31,8,2,11,'Adipisci fugit sapiente pariatur saepe.','Repellendus est aperiam eligendi. Vero nihil aspernatur quia eum aliquid sint velit. Modi dolorem id est ipsam id sed at. Et ullam quos dolorem amet asperiores.',9021.34,'active','2025-07-03 06:10:17','2025-08-02 06:10:17','/uberlandia/apartamentos/42-31',NULL,42,'{\"phone\":\"469.973.8746\",\"contact_name\":\"Clay Weimann IV\"}',0,'2025-07-03 06:10:17','2025-07-03 06:10:17',NULL),
(32,6,3,7,'Nam exercitationem quia molestiae quis.','Quae dolores quisquam beatae commodi maiores perferendis provident deserunt. Et harum voluptas natus tenetur qui odit repellendus sint. Quis unde dolor eos fugiat. Consequatur dolor numquam quia praesentium. Nesciunt possimus doloribus doloremque aperiam sit nisi in.',3815.78,'active','2025-07-03 06:10:17','2025-08-02 06:10:17','/niteroi/casas/42-32',NULL,42,'{\"phone\":\"1-940-952-6848\",\"contact_name\":\"Cade Senger I\"}',0,'2025-07-03 06:10:17','2025-07-03 06:10:17',NULL),
(33,16,3,4,'Similique aut unde est magnam.','Cumque magnam ex tempora nulla exercitationem quaerat provident laboriosam. Illum totam aliquid sed doloremque. Voluptatem rem eos qui possimus voluptatum voluptatem. Aspernatur qui necessitatibus voluptatibus quos facilis error.',12529.70,'active','2025-07-03 06:10:17','2025-08-02 06:10:17','/guarulhos/casas/42-33',NULL,42,'{\"phone\":\"385-907-9203\",\"contact_name\":\"Doris Moen III\"}',0,'2025-07-03 06:10:17','2025-07-03 06:10:17',NULL),
(34,2,6,6,'Recusandae excepturi corrupti voluptates itaque omnis et.','Et reiciendis exercitationem qui porro ad ea. Ea rerum qui voluptatem molestias necessitatibus. At saepe voluptatum nihil atque error molestiae. Numquam est quis vero et. Voluptates non voluptatem harum porro ratione. Minus blanditiis sit iusto eius ex eaque.',7132.36,'active','2025-07-03 06:10:17','2025-08-02 06:10:17','/rio-de-janeiro-cidade/carros/42-34',NULL,42,'{\"phone\":\"(731) 694-9349\",\"contact_name\":\"Gilberto Dibbert\"}',0,'2025-07-03 06:10:17','2025-07-03 06:10:17',NULL),
(35,8,4,8,'Non ut odio pariatur sequi.','Ullam harum quis est optio. Est et nihil voluptatum aut aperiam dolorem. Mollitia labore nostrum ducimus explicabo aut sit labore.',5824.60,'active','2025-07-03 06:10:17','2025-08-02 06:10:17','/nova-iguacu/terrenos/42-35',NULL,42,'{\"phone\":\"+1-620-650-4891\",\"contact_name\":\"Lizzie Conn\"}',0,'2025-07-03 06:10:17','2025-07-03 06:10:17',NULL),
(36,2,6,4,'Doloribus ut facilis neque voluptatem laboriosam sequi.','Ipsa saepe occaecati id tempore in asperiores cum. Ad pariatur eum corporis recusandae totam sed necessitatibus. Ut quam delectus voluptatibus totam provident laboriosam ut. Nemo possimus itaque quis occaecati et. Nam nam quis voluptas nemo soluta ut.',3346.83,'active','2025-07-03 06:10:17','2025-08-02 06:10:17','/guarulhos/carros/42-36',NULL,42,'{\"phone\":\"726-455-9103\",\"contact_name\":\"Darian Schumm\"}',0,'2025-07-03 06:10:17','2025-07-03 06:10:17',NULL),
(37,7,6,11,'Quo autem repudiandae quia.','Nemo voluptatem dicta quia sed dignissimos repudiandae. Aliquid veritatis porro aut quia repellat aut. Corrupti minus iure aliquid aspernatur culpa quos cupiditate. Eius vitae nostrum deleniti soluta architecto ex explicabo. Totam deleniti voluptas non tempora maxime quia nihil ipsa.',12706.02,'active','2025-07-03 06:10:17','2025-08-02 06:10:17','/uberlandia/carros/42-37',NULL,42,'{\"phone\":\"469-252-2440\",\"contact_name\":\"Miss Velda Adams V\"}',0,'2025-07-03 06:10:17','2025-07-03 06:10:17',NULL),
(38,9,3,2,'Qui quidem magnam voluptatibus molestias architecto molestiae.','Quam iste magnam blanditiis molestias sint. Quod hic quidem consequuntur vel expedita placeat. Doloribus repudiandae deleniti dolore voluptatem excepturi nihil officiis.',2680.30,'active','2025-07-03 06:10:17','2025-08-02 06:10:17','/sao-paulo-cidade/casas/42-38',NULL,42,'{\"phone\":\"1-734-903-1065\",\"contact_name\":\"Emely D\'Amore IV\"}',0,'2025-07-03 06:10:17','2025-07-03 06:10:17',NULL),
(39,5,6,11,'Rerum vero facere doloremque rem.','Voluptatem suscipit voluptatem aut. Sed optio minima dolorum ut maiores incidunt. Quisquam ea quia magnam non odit deleniti. Quo ut sequi recusandae sed soluta.',14579.38,'active','2025-07-03 06:10:17','2025-08-02 06:10:17','/uberlandia/carros/42-39',NULL,42,'{\"phone\":\"+1-719-603-9069\",\"contact_name\":\"Lon Swaniawski\"}',0,'2025-07-03 06:10:17','2025-07-03 06:10:17',NULL),
(40,20,8,6,'Et omnis dolore quia.','Ipsam esse quos dolore sit laudantium quia iusto. Libero nisi saepe repudiandae et. A atque error et asperiores itaque. Deserunt ut consequatur cupiditate nihil ut. Id quos nihil atque eos vel illo. Quos accusamus amet sit est ipsum reiciendis sint eos.',4644.84,'active','2025-07-03 06:10:17','2025-08-02 06:10:17','/rio-de-janeiro-cidade/caminhoes/42-40',NULL,42,'{\"phone\":\"1-747-536-2261\",\"contact_name\":\"Ivory Graham\"}',0,'2025-07-03 06:10:17','2025-07-03 06:10:17',NULL),
(41,8,7,6,'Et omnis laborum odio.','Saepe iure blanditiis consequatur voluptas repudiandae. Architecto labore odit esse aliquam animi ratione et. Dolores accusantium sit molestiae hic. Nemo soluta excepturi voluptate voluptatem eum. Quam voluptatum excepturi et quod voluptatem. Autem dignissimos nihil voluptatem tempore id dolores.',6452.06,'active','2025-07-03 06:10:17','2025-08-02 06:10:17','/rio-de-janeiro-cidade/motos/42-41',NULL,42,'{\"phone\":\"(929) 289-7888\",\"contact_name\":\"Lavinia Schneider\"}',0,'2025-07-03 06:10:17','2025-07-03 06:10:17',NULL),
(42,14,2,6,'Quaerat praesentium distinctio quia sed.','Laboriosam et doloribus id. Error qui pariatur quos nulla enim non. Suscipit nesciunt sed quia illo aut aut. Quo qui harum numquam ut sapiente sequi. Deleniti accusamus fugiat possimus.',11566.64,'active','2025-07-03 06:10:17','2025-08-02 06:10:17','/rio-de-janeiro-cidade/apartamentos/42-42',NULL,42,'{\"phone\":\"+1 (747) 518-8435\",\"contact_name\":\"Pearlie Heidenreich\"}',0,'2025-07-03 06:10:17','2025-07-03 06:10:17',NULL),
(43,6,7,6,'Accusantium exercitationem eius ut minima neque.','Natus officia excepturi recusandae molestiae aspernatur. Est rerum a ut qui tempore. Laudantium tempore accusamus saepe sit eius.',8412.74,'active','2025-07-03 06:10:17','2025-08-02 06:10:17','/rio-de-janeiro-cidade/motos/42-43',NULL,42,'{\"phone\":\"+1.520.302.4164\",\"contact_name\":\"Dorcas Denesik\"}',0,'2025-07-03 06:10:17','2025-07-03 06:10:17',NULL),
(44,5,7,6,'Similique sed odio et et quae incidunt.','Blanditiis sed aperiam quae hic beatae qui at. Dolor repellendus in hic qui qui molestias fuga. Et qui cupiditate qui vero. Deleniti autem explicabo tempore. Sunt ipsum aut ea dolores temporibus quia autem ullam.',8011.45,'active','2025-07-03 06:10:17','2025-08-02 06:10:17','/rio-de-janeiro-cidade/motos/42-44',NULL,42,'{\"phone\":\"(203) 903-4646\",\"contact_name\":\"Darwin Kuphal\"}',0,'2025-07-03 06:10:17','2025-07-03 06:10:17',NULL),
(45,1,7,2,'Ut perferendis sit est ex numquam cum.','Reprehenderit fuga hic eos asperiores possimus eum excepturi eius. Ut consequatur eos nisi autem. Assumenda aspernatur a rem est quo. Aperiam facilis ullam nihil molestias qui qui itaque ea.',1879.14,'active','2025-07-03 06:10:17','2025-08-02 06:10:17','/sao-paulo-cidade/motos/42-45',NULL,42,'{\"phone\":\"+1-573-228-5775\",\"contact_name\":\"Koby Kuhlman\"}',0,'2025-07-03 06:10:17','2025-07-03 06:10:17',NULL),
(46,12,8,10,'Et ut provident possimus.','Est quia vero culpa dolor molestiae minima. Dolor non molestias corrupti et doloribus. Ex suscipit voluptatum expedita eos suscipit. Quam recusandae vitae autem incidunt sunt ipsam esse doloremque. Omnis quasi repudiandae qui et. Adipisci quo perferendis sunt eos qui qui.',7629.59,'active','2025-07-03 06:10:17','2025-08-02 06:10:17','/belo-horizonte/caminhoes/42-46',NULL,42,'{\"phone\":\"1-925-841-8905\",\"contact_name\":\"Dr. Beth Cruickshank DDS\"}',0,'2025-07-03 06:10:17','2025-07-03 06:10:17',NULL),
(47,6,8,10,'Ea necessitatibus sed vitae natus tenetur ea.','Quis voluptates officia qui ducimus qui. Quia iusto debitis ipsum et consequatur. Quis aspernatur sint provident ratione magnam qui. Vel ut iusto eos voluptatibus laborum et.',10367.54,'active','2025-07-03 06:10:17','2025-08-02 06:10:17','/belo-horizonte/caminhoes/42-47',NULL,42,'{\"phone\":\"+1-520-980-6565\",\"contact_name\":\"Alanis Altenwerth\"}',0,'2025-07-03 06:10:17','2025-07-03 06:10:17',NULL),
(48,20,3,3,'Dicta provident sequi occaecati pariatur eum.','Occaecati rem voluptas aut architecto sequi enim. Odio consequatur sed corrupti id. Accusamus assumenda id impedit aspernatur odio eius officiis. Nemo maiores nostrum sequi provident commodi voluptatem necessitatibus. Fugiat numquam itaque impedit incidunt iusto repellendus earum. Animi pariatur numquam numquam quisquam possimus quia et.',7736.99,'active','2025-07-03 06:10:17','2025-08-02 06:10:17','/campinas/casas/42-48',NULL,42,'{\"phone\":\"+1 (562) 670-3456\",\"contact_name\":\"Rylan Ondricka\"}',0,'2025-07-03 06:10:17','2025-07-03 06:10:17',NULL),
(49,10,6,6,'Saepe repellat sed sed dolorem asperiores recusandae.','At voluptates sed est ipsa eum ea repellat. Ut facere ducimus dolor quia architecto est nisi. Eaque et laborum consequuntur omnis. Omnis rerum sed vitae rerum iusto velit ad.',1061.84,'active','2025-07-03 06:10:17','2025-08-02 06:10:17','/rio-de-janeiro-cidade/carros/42-49',NULL,42,'{\"phone\":\"1-458-209-7895\",\"contact_name\":\"Dr. Nova Gerhold Jr.\"}',0,'2025-07-03 06:10:17','2025-07-03 06:10:17',NULL),
(50,19,6,10,'Eum dolores magnam qui temporibus molestiae quos.','Magnam asperiores dolore dolores saepe explicabo consequatur. Est qui soluta non vel rerum autem quis. Id ad temporibus aut sint sed deleniti ut. Deserunt provident eos quam eum debitis atque ducimus.',8693.04,'active','2025-07-03 06:10:17','2025-08-02 06:10:17','/belo-horizonte/carros/42-50',NULL,42,'{\"phone\":\"512-325-8054\",\"contact_name\":\"Baylee Homenick IV\"}',0,'2025-07-03 06:10:17','2025-07-03 06:10:17',NULL),
(51,12,4,7,'Eligendi iusto blanditiis et.','Modi a ut ut earum voluptas. Aperiam quibusdam quibusdam iusto dolor qui cumque et expedita. Et et quis totam ducimus est.',13301.76,'active','2025-07-03 06:10:17','2025-08-02 06:10:17','/niteroi/terrenos/42-51',NULL,42,'{\"phone\":\"919.450.1008\",\"contact_name\":\"Dr. Jayne Heller\"}',0,'2025-07-03 06:10:17','2025-07-03 06:10:17',NULL),
(52,18,4,8,'Consequatur sed et dignissimos sit incidunt.','Et voluptate assumenda adipisci consequuntur excepturi accusantium. Voluptatibus illum et tenetur eum omnis dolore sequi. Impedit maxime autem laudantium explicabo. A autem voluptatibus sit quisquam autem esse et.',2168.86,'active','2025-07-03 06:10:17','2025-08-02 06:10:17','/nova-iguacu/terrenos/42-52',NULL,42,'{\"phone\":\"607.413.4804\",\"contact_name\":\"Rahsaan Schimmel\"}',0,'2025-07-03 06:10:17','2025-07-03 06:10:17',NULL),
(53,12,6,8,'Fugit qui impedit laboriosam suscipit quia placeat.','Quas et quae et sed. Dolores omnis sequi perferendis at. Recusandae vel perspiciatis expedita quis dolor sit.',8472.04,'active','2025-07-03 06:10:17','2025-08-02 06:10:17','/nova-iguacu/carros/42-53',NULL,42,'{\"phone\":\"757-813-2565\",\"contact_name\":\"Ubaldo Pfannerstill\"}',0,'2025-07-03 06:10:17','2025-07-03 06:10:17',NULL),
(54,20,8,6,'Illo velit libero rerum dicta.','Recusandae assumenda vel corrupti dolore reiciendis et. Rem reprehenderit maxime quia provident. Ut commodi voluptas saepe et sit deserunt cupiditate est. Consequatur inventore expedita velit in reiciendis.',2431.17,'active','2025-07-03 06:10:17','2025-08-02 06:10:17','/rio-de-janeiro-cidade/caminhoes/42-54',NULL,42,'{\"phone\":\"440.373.1418\",\"contact_name\":\"Keith Klein\"}',0,'2025-07-03 06:10:17','2025-07-03 06:10:17',NULL),
(55,18,8,8,'Quo molestiae dolorem consequatur.','Qui rerum hic et temporibus ut. Aperiam qui rerum at vel consequatur. Ut blanditiis quod quia voluptatem. Unde dolorem deserunt quia unde illum. Dolores eum quibusdam voluptatibus. Unde cumque dolores eaque dolores.',836.65,'active','2025-07-03 06:10:17','2025-08-02 06:10:17','/nova-iguacu/caminhoes/42-55',NULL,42,'{\"phone\":\"1-817-402-9724\",\"contact_name\":\"Ms. Margot Quitzon\"}',0,'2025-07-03 06:10:17','2025-07-03 06:10:17',NULL),
(56,16,7,10,'Soluta saepe perspiciatis atque est ut.','Dolor voluptatum aut ex qui minus et quod. Optio dolor corporis magnam enim. Omnis ut quasi sed commodi veniam in. Voluptatem beatae repellat tempora corrupti. Saepe ut et et dolore quia quis.',10598.79,'active','2025-07-03 06:10:17','2025-08-02 06:10:17','/belo-horizonte/motos/42-56',NULL,42,'{\"phone\":\"+1 (445) 534-3621\",\"contact_name\":\"Vernon Luettgen\"}',0,'2025-07-03 06:10:17','2025-07-03 06:10:17',NULL),
(57,3,4,7,'Enim optio numquam omnis vel enim.','Cum omnis eum tempore aliquam voluptatum natus necessitatibus. Ut aliquid impedit architecto debitis. Facere quia inventore ut et dolorum fugit. Libero totam et et consequatur provident cumque. Quis quibusdam ut qui et quae earum.',11828.97,'active','2025-07-03 06:10:17','2025-08-02 06:10:17','/niteroi/terrenos/42-57',NULL,42,'{\"phone\":\"+15348682352\",\"contact_name\":\"Dr. Oren Stracke I\"}',0,'2025-07-03 06:10:17','2025-07-03 06:10:17',NULL),
(58,4,8,8,'Rerum rerum veritatis molestiae commodi.','Et distinctio alias ut rem. Nam minus maxime dolor suscipit quas. Dolor similique reiciendis est mollitia.',10679.49,'active','2025-07-03 06:10:17','2025-08-02 06:10:17','/nova-iguacu/caminhoes/42-58',NULL,42,'{\"phone\":\"+1-680-281-4194\",\"contact_name\":\"Camren Hills\"}',0,'2025-07-03 06:10:17','2025-07-03 06:10:17',NULL),
(59,14,4,6,'Molestiae repudiandae ut unde.','Eaque quo totam saepe repudiandae. Dignissimos facilis placeat similique. Excepturi iure alias illum eum dolorem. Fugit itaque nihil error ipsam aut. Quasi fugit voluptatibus blanditiis sequi libero qui sit doloribus.',7623.78,'active','2025-07-03 06:10:17','2025-08-02 06:10:17','/rio-de-janeiro-cidade/terrenos/42-59',NULL,42,'{\"phone\":\"1-626-679-0269\",\"contact_name\":\"Robyn Franecki\"}',0,'2025-07-03 06:10:17','2025-07-03 06:10:17',NULL),
(60,14,4,2,'Perferendis quo doloribus sit praesentium omnis.','Qui nostrum suscipit quaerat incidunt ut voluptates voluptas. Dicta qui nostrum velit repellat enim. Voluptatem iure id perspiciatis id consequuntur laudantium debitis.',5749.52,'active','2025-07-03 06:10:17','2025-08-02 06:10:17','/sao-paulo-cidade/terrenos/42-60',NULL,42,'{\"phone\":\"1-212-797-2079\",\"contact_name\":\"Mr. Lee Carter\"}',0,'2025-07-03 06:10:17','2025-07-03 06:10:17',NULL),
(61,2,2,7,'Facilis excepturi rerum animi exercitationem.','Itaque temporibus sit tempore sint qui incidunt. Dolorem odio voluptatem qui maxime fuga. Dolorum sed eaque beatae omnis.',13323.77,'active','2025-07-03 06:10:17','2025-08-02 06:10:17','/niteroi/apartamentos/42-61',NULL,42,'{\"phone\":\"430-612-8517\",\"contact_name\":\"Dr. Clark Lehner\"}',0,'2025-07-03 06:10:17','2025-07-03 06:10:17',NULL),
(62,20,8,4,'Molestiae natus qui enim est.','Quis amet facilis et aut laboriosam est. Natus odit reiciendis rem quo. Veritatis recusandae et aut sed necessitatibus adipisci. Praesentium ut aut ut reprehenderit voluptatem. Ut quia placeat mollitia cumque cupiditate tempore.',6693.48,'active','2025-07-03 06:10:17','2025-08-02 06:10:17','/guarulhos/caminhoes/42-62',NULL,42,'{\"phone\":\"904.344.2987\",\"contact_name\":\"Torrance Ledner\"}',0,'2025-07-03 06:10:17','2025-07-03 06:10:17',NULL),
(63,17,3,3,'Vero voluptatem asperiores autem.','Commodi ut id deserunt officia voluptate delectus id. Molestias numquam eligendi cum voluptatem quisquam. Consequatur et doloremque nemo doloribus. Quasi quos vel perferendis ipsam facere nihil. Laboriosam eaque et quisquam est ipsam unde. Repellendus deserunt aliquam est cupiditate amet.',13041.55,'active','2025-07-03 06:10:17','2025-08-02 06:10:17','/campinas/casas/42-63',NULL,42,'{\"phone\":\"+1-617-747-1421\",\"contact_name\":\"Stefanie Luettgen DDS\"}',0,'2025-07-03 06:10:17','2025-07-03 06:10:17',NULL),
(64,6,6,8,'Non in nemo eius qui autem.','Ea unde suscipit voluptas beatae quidem aut ratione nihil. Placeat sit dolorum itaque autem cumque. Facere quia beatae nulla asperiores eveniet officia asperiores.',6404.04,'active','2025-07-03 06:10:17','2025-08-02 06:10:17','/nova-iguacu/carros/42-64',NULL,42,'{\"phone\":\"917-616-3752\",\"contact_name\":\"Ms. Marisol Friesen\"}',0,'2025-07-03 06:10:17','2025-07-03 06:10:17',NULL),
(65,2,4,3,'Quasi occaecati consequatur laudantium similique.','Perferendis modi ipsam tempore ducimus quo reiciendis voluptas. Sed voluptatem error delectus et quod dicta. Possimus sed iste provident omnis unde ipsam. Qui consequatur vero eum. Quos nobis cumque aut voluptas consectetur officia necessitatibus. Assumenda corrupti eos sit sit corrupti reprehenderit.',1692.19,'active','2025-07-03 06:10:17','2025-08-02 06:10:17','/campinas/terrenos/42-65',NULL,42,'{\"phone\":\"+16079656086\",\"contact_name\":\"Prof. Cullen Ondricka PhD\"}',0,'2025-07-03 06:10:17','2025-07-03 06:10:17',NULL),
(66,20,6,2,'Iste itaque excepturi veniam voluptas perspiciatis.','Ea sunt qui aperiam voluptatem. Dolores error exercitationem omnis ullam cupiditate dolores. Officiis quibusdam quae expedita iure et excepturi est. Aut libero consequatur et tenetur cupiditate iusto. Assumenda soluta facilis voluptatibus.',273.61,'active','2025-07-03 06:10:17','2025-08-02 06:10:17','/sao-paulo-cidade/carros/42-66',NULL,42,'{\"phone\":\"+16309357865\",\"contact_name\":\"Felicita Harber I\"}',0,'2025-07-03 06:10:17','2025-07-03 06:10:17',NULL),
(67,4,6,11,'Autem et cupiditate magnam omnis.','Qui sunt architecto perferendis est omnis. Dolores quia est ut consequatur qui nisi. Repellat quia voluptatem eos et quaerat eum tempore maxime. Aut illum aut ut ut et corrupti qui. Dolorum excepturi aliquid beatae.',14140.34,'active','2025-07-03 06:10:17','2025-08-02 06:10:17','/uberlandia/carros/42-67',NULL,42,'{\"phone\":\"+19792477617\",\"contact_name\":\"Aniya Strosin\"}',0,'2025-07-03 06:10:17','2025-07-03 06:10:17',NULL),
(68,5,8,8,'Fugiat quod voluptatum qui qui voluptas soluta.','In molestiae cupiditate velit voluptatum ut ut. Voluptatibus dolor eligendi impedit. Nisi et rerum error rerum ullam numquam tempora beatae. Atque aliquid recusandae et ut recusandae aut. Eos itaque laborum laudantium molestiae cupiditate beatae. Esse quia id dicta harum magni impedit dolores cumque.',5755.79,'active','2025-07-03 06:10:17','2025-08-02 06:10:17','/nova-iguacu/caminhoes/42-68',NULL,42,'{\"phone\":\"1-978-535-0576\",\"contact_name\":\"Lucious Skiles III\"}',0,'2025-07-03 06:10:17','2025-07-03 06:10:17',NULL),
(69,20,7,8,'Libero omnis numquam totam sint optio.','Provident tempora et culpa dolore suscipit maxime natus. Dolores sit tempora nihil voluptatibus fugit omnis. Id itaque quia sunt. Voluptatibus consequatur sint sapiente et veritatis culpa nihil.',4302.99,'active','2025-07-03 06:10:17','2025-08-02 06:10:17','/nova-iguacu/motos/42-69',NULL,42,'{\"phone\":\"1-662-328-4984\",\"contact_name\":\"Haylie Fay\"}',0,'2025-07-03 06:10:17','2025-07-03 06:10:17',NULL),
(70,19,2,4,'Illo vel atque delectus est at.','Aut et voluptatem molestias voluptas sit et explicabo. Ducimus quidem nam quaerat qui explicabo mollitia. Assumenda magni sit reiciendis nesciunt. Earum voluptas excepturi fugit voluptatem.',13688.70,'active','2025-07-03 06:10:17','2025-08-02 06:10:17','/guarulhos/apartamentos/42-70',NULL,42,'{\"phone\":\"864.431.4826\",\"contact_name\":\"Mr. Gilbert Smith\"}',0,'2025-07-03 06:10:17','2025-07-03 06:10:17',NULL),
(71,7,6,3,'Sit dolorum occaecati occaecati.','Corrupti neque tenetur quia minus iusto qui. Corporis blanditiis aut fuga nostrum quae quasi sit. Laboriosam aut nemo et quam maiores ut harum. Vero repudiandae et et totam aperiam est.',7944.40,'active','2025-07-03 06:10:17','2025-08-02 06:10:17','/campinas/carros/42-71',NULL,42,'{\"phone\":\"1-319-344-3149\",\"contact_name\":\"Isaiah Lubowitz\"}',0,'2025-07-03 06:10:17','2025-07-03 06:10:17',NULL),
(72,20,8,7,'Quis minus ipsa aperiam deserunt.','Vel ratione architecto natus aliquam. Magni quia ducimus sit modi. Nam saepe dolorum architecto est ex distinctio odit. Sit est pariatur et maiores et veritatis deserunt.',7862.97,'active','2025-07-03 06:10:17','2025-08-02 06:10:17','/niteroi/caminhoes/42-72',NULL,42,'{\"phone\":\"+1 (218) 826-1222\",\"contact_name\":\"Mr. Zachariah Ullrich\"}',0,'2025-07-03 06:10:17','2025-07-03 06:10:17',NULL),
(73,11,7,12,'Quo voluptatem officiis eum illo.','Et sapiente alias incidunt aut delectus ut. Excepturi accusamus sit quidem non qui qui hic. Praesentium est qui veniam quo quia. Quia voluptas totam excepturi saepe sed ipsa fuga. Harum rerum minima magnam nihil.',7036.20,'active','2025-07-03 06:10:17','2025-08-02 06:10:17','/contagem/motos/42-73',NULL,42,'{\"phone\":\"+16509404895\",\"contact_name\":\"Warren Daugherty MD\"}',0,'2025-07-03 06:10:17','2025-07-03 06:10:17',NULL),
(74,6,2,3,'Quia a illum autem qui.','Est id enim debitis consectetur. Consequuntur et repellat dolor consequuntur dicta quod. Doloribus alias quisquam debitis nisi. Sint optio iste et. Vitae atque qui iusto. Vel ea laborum et voluptatibus.',1515.23,'active','2025-07-03 06:10:17','2025-08-02 06:10:17','/campinas/apartamentos/42-74',NULL,42,'{\"phone\":\"1-219-720-5798\",\"contact_name\":\"Dr. Margarette Gorczany\"}',0,'2025-07-03 06:10:17','2025-07-03 06:10:17',NULL),
(75,13,7,8,'Ut qui maiores ut.','Rem commodi tempore architecto consequuntur nihil hic vel ad. Sit nihil tempore ipsum ab omnis nam. Totam iste et praesentium suscipit unde et eos. Odit ad aut ut distinctio rerum et molestiae. Consequatur et deleniti aut praesentium suscipit et. Quia dolorum voluptatem animi inventore sint ex esse.',13993.17,'active','2025-07-03 06:10:17','2025-08-02 06:10:17','/nova-iguacu/motos/42-75',NULL,42,'{\"phone\":\"469-771-6984\",\"contact_name\":\"Anastacio Hintz I\"}',0,'2025-07-03 06:10:17','2025-07-03 06:10:17',NULL),
(76,18,4,8,'Cupiditate beatae aliquid distinctio non.','Quas officia perferendis perferendis et non ut. Et tempore non esse eos qui. Est ea rerum tempora facere dolores architecto quis unde.',934.96,'active','2025-07-03 06:10:17','2025-08-02 06:10:17','/nova-iguacu/terrenos/42-76',NULL,42,'{\"phone\":\"832-871-8462\",\"contact_name\":\"Marilou Corwin\"}',0,'2025-07-03 06:10:17','2025-07-03 06:10:17',NULL),
(77,7,7,11,'Voluptatem et atque dolor voluptatem consequatur.','Totam ut quo accusamus perspiciatis ut et. Aut impedit debitis vel rem distinctio fuga. Numquam cum eos asperiores reiciendis rerum.',12015.07,'active','2025-07-03 06:10:17','2025-08-02 06:10:17','/uberlandia/motos/42-77',NULL,42,'{\"phone\":\"1-781-945-9574\",\"contact_name\":\"Hilda Oberbrunner\"}',0,'2025-07-03 06:10:17','2025-07-03 06:10:17',NULL),
(78,16,7,7,'Et quas et est.','Consequatur officia consequatur ab ut numquam eum. Distinctio libero deserunt et itaque perspiciatis omnis maiores. Aut dolor architecto cum quis qui.',13039.32,'active','2025-07-03 06:10:17','2025-08-02 06:10:17','/niteroi/motos/42-78',NULL,42,'{\"phone\":\"+13517876969\",\"contact_name\":\"Ezequiel Blanda\"}',0,'2025-07-03 06:10:17','2025-07-03 06:10:17',NULL),
(79,7,2,2,'Nulla consectetur est rerum.','Vel provident corporis ut odit. Velit et nihil nisi molestiae cum rerum fugiat. Animi ut dolorem eius aperiam distinctio non et. Nihil temporibus voluptas quam vel quos.',435.61,'active','2025-07-03 06:10:17','2025-08-02 06:10:17','/sao-paulo-cidade/apartamentos/42-79',NULL,42,'{\"phone\":\"1-909-516-7434\",\"contact_name\":\"Markus Schiller\"}',0,'2025-07-03 06:10:17','2025-07-03 06:10:17',NULL),
(80,13,7,3,'Suscipit possimus nihil harum et.','Quia suscipit ut ut pariatur placeat et. Dolor sequi quibusdam ex ut dolores. Non assumenda dolore quo aliquid rerum. Aut quis atque excepturi qui voluptatem repellat saepe. Fugit quis ut eveniet ea atque. Doloremque accusantium explicabo consequatur nam.',7195.95,'active','2025-07-03 06:10:17','2025-08-02 06:10:17','/campinas/motos/42-80',NULL,42,'{\"phone\":\"+14758740198\",\"contact_name\":\"Franco Tromp Sr.\"}',0,'2025-07-03 06:10:17','2025-07-03 06:10:17',NULL),
(81,2,4,4,'Earum et inventore consequatur.','Est quia qui sunt occaecati. Reiciendis cum adipisci qui officia harum hic. Qui consequatur rerum quis fugit velit hic fuga.',4963.58,'active','2025-07-03 06:10:17','2025-08-02 06:10:17','/guarulhos/terrenos/42-81',NULL,42,'{\"phone\":\"+1-770-591-1635\",\"contact_name\":\"Dr. Korbin Abshire\"}',0,'2025-07-03 06:10:17','2025-07-03 06:10:17',NULL),
(82,5,6,12,'Ipsa qui et voluptatibus.','Dolores consectetur libero omnis ut qui. Dolor nisi temporibus id omnis. Voluptatibus dicta illo beatae quod tenetur eveniet. Quo eum magnam neque odit. Architecto molestias tempora dolores voluptatem debitis aut. Consequuntur laudantium quaerat est tempora quod.',7306.76,'active','2025-07-03 06:10:17','2025-08-02 06:10:17','/contagem/carros/42-82',NULL,42,'{\"phone\":\"1-878-466-7026\",\"contact_name\":\"Yessenia Bogan\"}',0,'2025-07-03 06:10:17','2025-07-03 06:10:17',NULL),
(83,4,7,7,'Voluptatem provident eveniet quia facilis omnis in.','Esse quos amet voluptas tempora occaecati eveniet. Ut sunt et id dolores voluptas esse. Eius suscipit deleniti aut nam eos reiciendis aut porro.',11799.80,'active','2025-07-03 06:10:17','2025-08-02 06:10:17','/niteroi/motos/42-83',NULL,42,'{\"phone\":\"(785) 312-7192\",\"contact_name\":\"Mya Gutmann II\"}',0,'2025-07-03 06:10:17','2025-07-03 06:10:17',NULL),
(84,6,8,4,'Qui aspernatur voluptatem vel sequi.','Accusantium molestias voluptatibus omnis ut ea. Dolore sint doloremque sint voluptatem voluptas. Consequuntur eaque nemo repellendus quos. Quis dignissimos pariatur consequuntur inventore quidem itaque.',12938.84,'active','2025-07-03 06:10:17','2025-08-02 06:10:17','/guarulhos/caminhoes/42-84',NULL,42,'{\"phone\":\"+1.314.904.0705\",\"contact_name\":\"Kolby McGlynn DVM\"}',0,'2025-07-03 06:10:17','2025-07-03 06:10:17',NULL),
(85,12,4,11,'Voluptas aut dignissimos quis at iusto minima.','Et voluptatum tenetur quis. Atque laboriosam maxime omnis voluptatem consequuntur quod. Eligendi doloribus debitis expedita. Aut dolor natus ipsam.',9440.88,'active','2025-07-03 06:10:17','2025-08-02 06:10:17','/uberlandia/terrenos/42-85',NULL,42,'{\"phone\":\"+1-608-722-5149\",\"contact_name\":\"Javonte Jacobi\"}',0,'2025-07-03 06:10:17','2025-07-03 06:10:17',NULL),
(86,17,6,12,'Voluptatem consequatur eveniet natus sit.','Doloremque quo qui ea quam eveniet assumenda. Eius sapiente ab non ab eos doloribus delectus. Minima facilis numquam natus. Ea delectus laborum atque beatae vel neque sed.',3554.44,'active','2025-07-03 06:10:17','2025-08-02 06:10:17','/contagem/carros/42-86',NULL,42,'{\"phone\":\"+1-737-554-6339\",\"contact_name\":\"Mr. Caesar Beatty\"}',0,'2025-07-03 06:10:17','2025-07-03 06:10:18',NULL),
(87,16,3,10,'Quo et sint cum non fugit necessitatibus.','Ut dolor est ut voluptatem laudantium eaque veniam. Quis veritatis ea velit. Animi iure dignissimos dolorum molestiae est. Est minus natus cumque tempore et enim consequatur.',11367.24,'active','2025-07-03 06:10:18','2025-08-02 06:10:18','/belo-horizonte/casas/42-87',NULL,42,'{\"phone\":\"463.230.2233\",\"contact_name\":\"Haley Wolff\"}',0,'2025-07-03 06:10:18','2025-07-03 06:10:18',NULL),
(88,7,2,8,'Inventore iure reiciendis laborum alias alias.','Sequi incidunt placeat sed facilis aut. Illum modi id ipsum corrupti suscipit et laboriosam porro. Et repudiandae eum fugiat minus. Qui fuga a laboriosam et qui in omnis. Praesentium vel aliquam voluptas tempore asperiores quaerat.',12119.65,'active','2025-07-03 06:10:18','2025-08-02 06:10:18','/nova-iguacu/apartamentos/42-88',NULL,42,'{\"phone\":\"430-585-2623\",\"contact_name\":\"Henri Leuschke\"}',0,'2025-07-03 06:10:18','2025-07-03 06:10:18',NULL),
(89,1,6,4,'Distinctio quod est ex dolores sint repellendus.','Corporis ex labore est. Eius ipsam aut laudantium corporis maiores. Voluptas voluptas vel vitae temporibus et repellat. Ut maxime necessitatibus similique est quia maxime sed. Adipisci cum facilis velit ut omnis quibusdam sed autem.',13761.43,'active','2025-07-03 06:10:18','2025-08-02 06:10:18','/guarulhos/carros/42-89',NULL,42,'{\"phone\":\"678.522.8590\",\"contact_name\":\"Erich Kihn\"}',0,'2025-07-03 06:10:18','2025-07-03 06:10:18',NULL),
(90,5,3,2,'Facilis temporibus reprehenderit aut vero odit.','Omnis ut sint odio enim incidunt dolorem et. Nihil nulla eius qui ea autem enim laborum. Modi rerum id eligendi accusantium quasi quia voluptatem dolore. Quo necessitatibus sint praesentium et et.',518.92,'active','2025-07-03 06:10:18','2025-08-02 06:10:18','/sao-paulo-cidade/casas/42-90',NULL,42,'{\"phone\":\"+1 (209) 335-4698\",\"contact_name\":\"Prof. Lelah Lueilwitz\"}',0,'2025-07-03 06:10:18','2025-07-03 06:10:18',NULL),
(91,17,8,2,'Nihil dolorem consectetur dolorum.','Qui officia doloremque doloribus ut fugit et qui. Laborum voluptas neque accusamus quod ut facilis consequatur maxime. Alias officiis et nulla omnis distinctio quidem. Explicabo error quos quia laboriosam sapiente repellat quam. Sint repudiandae sed repellat aut aspernatur. Iure voluptatum alias eaque eius consectetur.',10088.47,'active','2025-07-03 06:10:18','2025-08-02 06:10:18','/sao-paulo-cidade/caminhoes/42-91',NULL,42,'{\"phone\":\"+1.680.894.1175\",\"contact_name\":\"Eulalia Marvin\"}',0,'2025-07-03 06:10:18','2025-07-03 06:10:18',NULL),
(92,12,2,12,'Aut nam sit rerum praesentium inventore.','Est tempora quibusdam quaerat deserunt quia repudiandae ea illo. Blanditiis eligendi qui iusto quis mollitia et. Est nesciunt dignissimos vel repellendus qui fugiat enim autem. Amet ut dicta omnis atque aliquid magni. Sunt nisi voluptas incidunt eius. Reiciendis blanditiis maiores aliquid ipsum quibusdam id doloremque.',1832.96,'active','2025-07-03 06:10:18','2025-08-02 06:10:18','/contagem/apartamentos/42-92',NULL,42,'{\"phone\":\"(208) 258-5325\",\"contact_name\":\"Gwendolyn Gleason MD\"}',0,'2025-07-03 06:10:18','2025-07-03 06:10:18',NULL),
(93,18,2,2,'Nisi omnis nobis consequatur.','Pariatur id quos ut dolorum aut dolor. Deserunt ab iusto sit deserunt. Aliquid sunt earum a. Eveniet soluta nemo et perferendis omnis voluptatem voluptatem.',14286.53,'active','2025-07-03 06:10:18','2025-08-02 06:10:18','/sao-paulo-cidade/apartamentos/42-93',NULL,42,'{\"phone\":\"832-435-5838\",\"contact_name\":\"Dr. Demetrius O\'Conner DDS\"}',0,'2025-07-03 06:10:18','2025-07-03 06:10:18',NULL),
(94,3,4,11,'Placeat ut quia eligendi esse.','Et impedit quasi natus harum. Qui incidunt nostrum perspiciatis qui. Autem eius perspiciatis corrupti. Qui molestias in eos quo tempora. Rerum neque eaque eum hic reprehenderit dolorem. Temporibus est eum enim qui est dolorem.',10382.39,'active','2025-07-03 06:10:18','2025-08-02 06:10:18','/uberlandia/terrenos/42-94',NULL,42,'{\"phone\":\"602.430.4597\",\"contact_name\":\"Jaunita Spencer\"}',0,'2025-07-03 06:10:18','2025-07-03 06:10:18',NULL),
(95,9,3,4,'Ipsam veniam qui aperiam assumenda.','Et veritatis eius quibusdam consequuntur. Eum perspiciatis quibusdam sequi. Voluptatem in est eum velit tempore qui qui. Occaecati vel ut tenetur rerum autem qui. Autem ratione sint qui fugiat. Recusandae qui velit et qui aut.',14691.60,'active','2025-07-03 06:10:18','2025-08-02 06:10:18','/guarulhos/casas/42-95',NULL,42,'{\"phone\":\"+1-725-659-4855\",\"contact_name\":\"Ms. Wilhelmine Altenwerth\"}',0,'2025-07-03 06:10:18','2025-07-03 06:10:18',NULL),
(96,8,8,11,'Ipsa et sed aut.','Ipsa vel omnis eos quis qui repudiandae. Ut mollitia sed culpa eos qui. Et temporibus assumenda illum et veniam. Consequatur velit possimus assumenda omnis explicabo.',9537.48,'active','2025-07-03 06:10:18','2025-08-02 06:10:18','/uberlandia/caminhoes/42-96',NULL,42,'{\"phone\":\"404.787.8040\",\"contact_name\":\"Miss Stella Nicolas MD\"}',0,'2025-07-03 06:10:18','2025-07-03 06:10:18',NULL),
(97,13,8,8,'Officiis facere voluptatibus veritatis eligendi nulla enim.','Adipisci blanditiis quis fugiat enim. Dignissimos fugiat molestiae ipsum quia. Dolor praesentium placeat doloremque facere velit rem laudantium.',9331.00,'active','2025-07-03 06:10:18','2025-08-02 06:10:18','/nova-iguacu/caminhoes/42-97',NULL,42,'{\"phone\":\"+12623095190\",\"contact_name\":\"Carli Dietrich\"}',0,'2025-07-03 06:10:18','2025-07-03 06:10:18',NULL),
(98,10,4,4,'Dolores quae ab voluptas et dicta.','Doloribus inventore in delectus et. Nulla sunt id excepturi veniam commodi aut atque nihil. Mollitia velit sit quia fugiat vero voluptatem animi.',8125.97,'active','2025-07-03 06:10:18','2025-08-02 06:10:18','/guarulhos/terrenos/42-98',NULL,42,'{\"phone\":\"832.448.7564\",\"contact_name\":\"Lucie Block\"}',0,'2025-07-03 06:10:18','2025-07-03 06:10:18',NULL),
(99,12,8,11,'Voluptatem nesciunt ullam sed et soluta.','Aut odio eius voluptatem non velit impedit accusantium. Quos omnis consequatur consequatur in minima nostrum. Soluta eaque sint libero sint eaque. Autem sint dignissimos eaque possimus dolorum consequatur accusantium nihil.',6995.82,'active','2025-07-03 06:10:18','2025-08-02 06:10:18','/uberlandia/caminhoes/42-99',NULL,42,'{\"phone\":\"+1-515-541-6259\",\"contact_name\":\"Marisol Weimann\"}',0,'2025-07-03 06:10:18','2025-07-03 06:10:18',NULL),
(100,11,6,8,'Aspernatur rerum aperiam sapiente.','Iure enim aut quae reprehenderit perferendis. Nihil quae fuga nulla quo voluptatem. Et sunt dignissimos rerum magni. Et quasi adipisci fuga voluptatem possimus eveniet voluptatem. Ullam dolor et quia vero quidem.',6622.98,'active','2025-07-03 06:10:18','2025-08-02 06:10:18','/nova-iguacu/carros/42-100',NULL,42,'{\"phone\":\"1-667-608-3371\",\"contact_name\":\"Wyatt Mayert\"}',0,'2025-07-03 06:10:18','2025-07-03 06:10:18',NULL),
(101,11,7,3,'Omnis sit tempore et consectetur numquam illum.','Voluptatem aut neque a eum atque voluptates. Quo ut quam eius adipisci laborum enim exercitationem asperiores. Ratione ab enim hic aliquid. Qui aut voluptatem facere necessitatibus ab quia.',13766.88,'active','2025-07-03 06:10:18','2025-08-02 06:10:18','/campinas/motos/42-101',NULL,42,'{\"phone\":\"+1-234-218-4410\",\"contact_name\":\"Name Rutherford\"}',0,'2025-07-03 06:10:18','2025-07-03 06:10:18',NULL),
(102,14,6,12,'Aliquam et blanditiis aliquid.','Ex id vel repudiandae sint enim. Beatae odio sit soluta ut architecto ipsa voluptatem. Esse est sed sequi qui placeat non. Optio dolor quo adipisci nulla ex ducimus. Tempore est voluptatem quasi velit.',4877.50,'active','2025-07-03 06:10:18','2025-08-02 06:10:18','/contagem/carros/42-102',NULL,42,'{\"phone\":\"740.279.3463\",\"contact_name\":\"Princess Frami\"}',0,'2025-07-03 06:10:18','2025-07-03 06:10:18',NULL),
(103,8,2,3,'Esse quisquam voluptatem quod perferendis reiciendis.','Esse consequuntur qui rerum nisi. Distinctio quisquam possimus dolores. Omnis eligendi commodi non tenetur. Dolores saepe sapiente eos autem.',4424.84,'active','2025-07-03 06:10:18','2025-08-02 06:10:18','/campinas/apartamentos/42-103',NULL,42,'{\"phone\":\"+1-341-868-7276\",\"contact_name\":\"Miss Hellen Price DVM\"}',0,'2025-07-03 06:10:18','2025-07-03 06:10:18',NULL),
(104,6,2,10,'Sit nemo consequatur est et.','Cupiditate nulla aperiam et earum. Perferendis in neque nihil libero voluptatem dolorum dolores. Quia rerum accusantium hic voluptatem.',6407.97,'active','2025-07-03 06:10:18','2025-08-02 06:10:18','/belo-horizonte/apartamentos/42-104',NULL,42,'{\"phone\":\"1-534-973-8569\",\"contact_name\":\"Annetta Runte II\"}',0,'2025-07-03 06:10:18','2025-07-03 06:10:18',NULL),
(105,18,2,12,'Nihil eaque quaerat est omnis porro saepe.','Voluptatum sequi nostrum nam aspernatur laudantium dolorem. Rerum molestias voluptatibus amet est iste fuga consequatur. Sequi explicabo eligendi consequuntur suscipit quis ex exercitationem.',11843.65,'active','2025-07-03 06:10:18','2025-08-02 06:10:18','/contagem/apartamentos/42-105',NULL,42,'{\"phone\":\"+1-847-696-6326\",\"contact_name\":\"Tyra Ortiz\"}',0,'2025-07-03 06:10:18','2025-07-03 06:10:18',NULL),
(106,14,6,2,'Excepturi temporibus accusamus similique totam nihil velit.','Voluptatem eos perferendis animi officiis. Provident enim praesentium nihil non consequatur reprehenderit eos nesciunt. Veniam aut sint non reiciendis labore corrupti. Voluptatibus eum in iure deserunt impedit molestiae ipsam laudantium.',2377.73,'active','2025-07-03 06:10:18','2025-08-02 06:10:18','/sao-paulo-cidade/carros/42-106',NULL,42,'{\"phone\":\"931.458.5022\",\"contact_name\":\"Edd Tromp\"}',0,'2025-07-03 06:10:18','2025-07-03 06:10:18',NULL),
(107,2,2,12,'Et dolor sit necessitatibus dolores.','Et ipsum et rerum sunt alias maiores. Qui quia molestiae ex delectus est nobis dolore. Consequuntur nam porro temporibus doloremque repellendus vel. Illum et reiciendis porro sit sequi suscipit provident voluptatibus. Eveniet aut consequatur nihil.',12318.39,'active','2025-07-03 06:10:18','2025-08-02 06:10:18','/contagem/apartamentos/42-107',NULL,42,'{\"phone\":\"678.690.5832\",\"contact_name\":\"Tevin Schmidt\"}',0,'2025-07-03 06:10:18','2025-07-03 06:10:18',NULL),
(108,5,4,8,'Velit fuga numquam vel et.','Molestiae sint sequi distinctio itaque veniam. Aliquid molestias dignissimos et ut. Et quo odit est necessitatibus sint consequatur eos.',6496.46,'active','2025-07-03 06:10:18','2025-08-02 06:10:18','/nova-iguacu/terrenos/42-108',NULL,42,'{\"phone\":\"629-271-5649\",\"contact_name\":\"Ms. Michelle Wolf\"}',0,'2025-07-03 06:10:18','2025-07-03 06:10:18',NULL),
(109,8,3,8,'Voluptas sit excepturi doloribus quaerat beatae.','Est nihil et asperiores sit est modi eum debitis. Nobis voluptas nostrum odio fuga et impedit. Dolorem reprehenderit nobis ut dolorum nam accusamus beatae. Quas quidem est et iure repellat aliquam.',4652.57,'active','2025-07-03 06:10:18','2025-08-02 06:10:18','/nova-iguacu/casas/42-109',NULL,42,'{\"phone\":\"(520) 427-3015\",\"contact_name\":\"Isaac Wuckert\"}',0,'2025-07-03 06:10:18','2025-07-03 06:10:18',NULL),
(110,12,4,12,'Veritatis ab minima quia consequatur.','Ad veniam odit voluptatem aspernatur blanditiis. Non voluptatem aspernatur consequatur rem quaerat at quod neque. Ea rerum earum eveniet tempora adipisci. Non molestiae accusantium suscipit debitis ea. Qui dignissimos porro adipisci debitis placeat.',12219.11,'active','2025-07-03 06:10:18','2025-08-02 06:10:18','/contagem/terrenos/42-110',NULL,42,'{\"phone\":\"+1 (281) 651-3540\",\"contact_name\":\"Miss Laurence Schinner Jr.\"}',0,'2025-07-03 06:10:18','2025-07-03 06:10:18',NULL),
(111,12,4,11,'Aut voluptatem id ut aut porro non.','Ducimus perspiciatis id atque voluptatem dignissimos. Voluptatem doloribus sit dolorem id ullam et. Quae quas ut fugit dolor omnis nesciunt. Natus et quo qui voluptas. Dicta eius et odit eaque non eum ea.',8556.52,'active','2025-07-03 06:10:18','2025-08-02 06:10:18','/uberlandia/terrenos/42-111',NULL,42,'{\"phone\":\"475-243-9606\",\"contact_name\":\"Seth Jakubowski\"}',0,'2025-07-03 06:10:18','2025-07-03 06:10:18',NULL),
(112,10,6,7,'Autem qui autem explicabo quisquam.','Rem est ratione aut laborum. Modi non non nihil aut id. Qui non suscipit ut ex dolor dolor. In voluptatibus maxime cumque qui error porro.',6493.88,'active','2025-07-03 06:10:18','2025-08-02 06:10:18','/niteroi/carros/42-112',NULL,42,'{\"phone\":\"+1-551-696-5170\",\"contact_name\":\"Prof. Mervin Weber\"}',0,'2025-07-03 06:10:18','2025-07-03 06:10:18',NULL),
(113,13,4,12,'Perferendis voluptas enim ratione soluta sint.','Nostrum similique rerum delectus perferendis ipsa. Veritatis ea qui voluptates delectus nam. Veritatis dolorum modi deserunt vero possimus.',13475.89,'active','2025-07-03 06:10:18','2025-08-02 06:10:18','/contagem/terrenos/42-113',NULL,42,'{\"phone\":\"567.948.4364\",\"contact_name\":\"Zola Homenick\"}',0,'2025-07-03 06:10:18','2025-07-03 06:10:18',NULL),
(114,12,8,7,'Et quibusdam doloremque non in corporis.','Non et suscipit pariatur quae possimus. Vel sit nemo harum rem error. Neque impedit et expedita officiis. Placeat sint natus sed quam.',3797.59,'active','2025-07-03 06:10:18','2025-08-02 06:10:18','/niteroi/caminhoes/42-114',NULL,42,'{\"phone\":\"+1-903-299-8313\",\"contact_name\":\"Dr. Holden Ferry\"}',0,'2025-07-03 06:10:18','2025-07-03 06:10:18',NULL),
(115,9,2,4,'Deserunt necessitatibus et quos eligendi tempore.','Voluptate doloribus et voluptatem molestias. Amet dolor dignissimos commodi maiores aut libero non. Praesentium sapiente et quisquam voluptas ad fuga. Voluptate veniam recusandae ut earum provident nesciunt sequi.',3251.23,'active','2025-07-03 06:10:18','2025-08-02 06:10:18','/guarulhos/apartamentos/42-115',NULL,42,'{\"phone\":\"410-405-4091\",\"contact_name\":\"Vladimir Waters\"}',0,'2025-07-03 06:10:18','2025-07-03 06:10:18',NULL),
(116,20,8,11,'Nemo molestiae tempore deserunt consequatur magni.','Consequatur magnam eligendi nihil impedit. Tenetur quia dolore ducimus. Eos qui cupiditate reprehenderit cum aut adipisci temporibus. Omnis consequatur rerum et debitis excepturi quaerat. Minus labore id est sit. Commodi consequatur ex qui et et.',2781.78,'active','2025-07-03 06:10:18','2025-08-02 06:10:18','/uberlandia/caminhoes/42-116',NULL,42,'{\"phone\":\"254-956-0548\",\"contact_name\":\"Lilly Treutel\"}',0,'2025-07-03 06:10:18','2025-07-03 06:10:18',NULL),
(117,18,3,6,'Ad rerum illo voluptates eaque occaecati.','Et deserunt et dolores reiciendis numquam. Quibusdam reprehenderit explicabo autem tenetur. Rerum aut harum animi. Veniam minus optio qui dolorem. Deleniti ea laborum perspiciatis laborum. Quo molestiae rerum recusandae dolore qui facere.',3446.49,'active','2025-07-03 06:10:18','2025-08-02 06:10:18','/rio-de-janeiro-cidade/casas/42-117',NULL,42,'{\"phone\":\"(351) 924-4058\",\"contact_name\":\"Gino D\'Amore I\"}',0,'2025-07-03 06:10:18','2025-07-03 06:10:18',NULL),
(118,6,4,8,'Velit aspernatur a sunt sed culpa optio.','Exercitationem rerum quae laudantium optio ab omnis. Corrupti est fugiat corporis repellat ut minima maxime. Laboriosam molestiae sint ut reiciendis enim. Mollitia incidunt enim sit reprehenderit consequatur.',12461.07,'active','2025-07-03 06:10:18','2025-08-02 06:10:18','/nova-iguacu/terrenos/42-118',NULL,42,'{\"phone\":\"(774) 436-5764\",\"contact_name\":\"Carissa Franecki\"}',0,'2025-07-03 06:10:18','2025-07-03 06:10:18',NULL),
(119,8,3,12,'Qui veritatis fuga mollitia.','Porro sapiente provident eligendi vel iure ipsum et. Totam veritatis ad omnis neque velit alias quis et. Soluta est maxime quam et. Dolore voluptas repudiandae ea velit et quia deserunt. Aut enim eum tempore et nulla illum.',9859.76,'active','2025-07-03 06:10:18','2025-08-02 06:10:18','/contagem/casas/42-119',NULL,42,'{\"phone\":\"551.379.3384\",\"contact_name\":\"Mrs. Elta Feeney\"}',0,'2025-07-03 06:10:18','2025-07-03 06:10:18',NULL),
(120,15,3,3,'Totam perspiciatis ut eum fugiat cum cupiditate.','Numquam quam occaecati rem molestias aut quo laborum. Sed enim quia consectetur qui non nostrum quisquam dolor. Aperiam et quis magnam.',1310.06,'active','2025-07-03 06:10:18','2025-08-02 06:10:18','/campinas/casas/42-120',NULL,42,'{\"phone\":\"267-522-5188\",\"contact_name\":\"Fernando Turner III\"}',0,'2025-07-03 06:10:18','2025-07-03 06:10:18',NULL),
(121,15,4,11,'Perferendis dolores quod quia vel incidunt.','In aut omnis omnis vitae asperiores vero nobis. Consequatur reprehenderit quibusdam maxime reprehenderit corrupti et. Nesciunt illum et dignissimos accusantium inventore similique sint. Soluta harum assumenda omnis aliquid reiciendis. Qui magni in rerum.',620.36,'active','2025-07-03 06:10:18','2025-08-02 06:10:18','/uberlandia/terrenos/42-121',NULL,42,'{\"phone\":\"+1 (347) 623-5496\",\"contact_name\":\"Mabel Doyle\"}',0,'2025-07-03 06:10:18','2025-07-03 06:10:18',NULL),
(122,20,7,11,'Dicta assumenda et et nostrum ut sit.','Qui repellat nulla cupiditate aperiam veniam et. Natus totam quisquam perferendis. Aperiam eveniet minima debitis veniam eaque. Libero facere suscipit et incidunt aliquid.',12904.04,'active','2025-07-03 06:10:18','2025-08-02 06:10:18','/uberlandia/motos/42-122',NULL,42,'{\"phone\":\"+1.757.920.4324\",\"contact_name\":\"Shayna Corkery I\"}',0,'2025-07-03 06:10:18','2025-07-03 06:10:18',NULL),
(123,7,2,10,'Tempore velit adipisci qui.','Neque aut perferendis a qui quis. Id amet quos saepe ex. Rerum eos reprehenderit dolorem ad quo. Suscipit velit non possimus vitae nisi totam. Quam aut voluptatem sequi et reiciendis dolorem vitae.',6248.80,'active','2025-07-03 06:10:18','2025-08-02 06:10:18','/belo-horizonte/apartamentos/42-123',NULL,42,'{\"phone\":\"+1.870.387.2139\",\"contact_name\":\"Jackeline Zboncak PhD\"}',0,'2025-07-03 06:10:18','2025-07-03 06:10:18',NULL),
(124,19,6,8,'Aliquam autem et suscipit enim aliquam quasi dicta.','Quo consectetur aut cum sapiente odit et ea. Animi nihil alias omnis maxime cum quia non veniam. Libero et iste consequatur ut. Et deserunt debitis cum et. Aut ut minus possimus eius commodi occaecati quo dolorem.',5950.04,'active','2025-07-03 06:10:18','2025-08-02 06:10:18','/nova-iguacu/carros/42-124',NULL,42,'{\"phone\":\"573-734-4442\",\"contact_name\":\"Lorenz Berge\"}',0,'2025-07-03 06:10:18','2025-07-03 06:10:18',NULL),
(125,4,3,11,'Occaecati labore incidunt debitis.','Impedit autem explicabo temporibus cupiditate. Dolorum quis maxime laborum doloremque. Voluptatem vero similique aut exercitationem. Qui eum sequi possimus provident maiores. Laboriosam rem repudiandae quidem culpa nostrum quas. Accusantium vero sit architecto quaerat aut iusto.',279.35,'active','2025-07-03 06:10:18','2025-08-02 06:10:18','/uberlandia/casas/42-125',NULL,42,'{\"phone\":\"726-306-3970\",\"contact_name\":\"Prof. Daphne Schneider\"}',0,'2025-07-03 06:10:18','2025-07-03 06:10:18',NULL),
(126,19,8,6,'Aut odio et perferendis nostrum odio.','Ab delectus est corporis omnis rerum fuga suscipit. Molestiae voluptas ut eos adipisci aut velit sint. Asperiores in dolorem hic aut officiis et iusto. Aliquid odit et autem repellat officiis voluptas odio aut.',12808.59,'active','2025-07-03 06:10:18','2025-08-02 06:10:18','/rio-de-janeiro-cidade/caminhoes/42-126',NULL,42,'{\"phone\":\"(786) 522-4159\",\"contact_name\":\"Nils Marks\"}',0,'2025-07-03 06:10:18','2025-07-03 06:10:18',NULL),
(127,15,4,7,'Sunt omnis voluptates voluptates non sunt ipsam.','Earum quia tempora quisquam laudantium provident vel. Sint non soluta omnis labore ad. Error repellat qui quae expedita est.',6004.10,'active','2025-07-03 06:10:18','2025-08-02 06:10:18','/niteroi/terrenos/42-127',NULL,42,'{\"phone\":\"1-541-941-7161\",\"contact_name\":\"Shayna Blanda IV\"}',0,'2025-07-03 06:10:18','2025-07-03 06:10:18',NULL),
(128,15,2,12,'Culpa debitis consequatur vero asperiores dolorem.','Doloribus nemo dolorem quasi a consequatur rem. Cumque harum odit est dolorum dignissimos ipsum est. Placeat distinctio alias distinctio consequatur repudiandae. Omnis laboriosam ut cumque aut qui recusandae autem. Porro inventore vel quibusdam dolorem.',10460.90,'active','2025-07-03 06:10:18','2025-08-02 06:10:18','/contagem/apartamentos/42-128',NULL,42,'{\"phone\":\"+1.341.829.6572\",\"contact_name\":\"Travon Lebsack\"}',0,'2025-07-03 06:10:18','2025-07-03 06:10:18',NULL),
(129,15,4,6,'Consectetur sed rerum magni voluptas quo.','Veniam molestiae maiores ipsam exercitationem. Earum tempora eligendi illo molestiae cupiditate neque facere. Nulla eos exercitationem et qui dolores corporis libero tempora. Fugiat recusandae est dolorem. Repellendus voluptatum sit iusto aut aut distinctio sed. Quia ipsa sed laudantium illum quia odit vero.',12014.29,'active','2025-07-03 06:10:18','2025-08-02 06:10:18','/rio-de-janeiro-cidade/terrenos/42-129',NULL,42,'{\"phone\":\"+1-929-849-7150\",\"contact_name\":\"Imelda Wiegand Jr.\"}',0,'2025-07-03 06:10:18','2025-07-03 06:10:18',NULL),
(130,20,8,11,'Laudantium non fugiat eligendi aut.','Placeat ipsam in debitis veniam corporis vel accusantium id. Saepe recusandae iusto dolore perferendis. Ipsum quis sed dolore explicabo consequatur illo. Suscipit a perferendis architecto iure non voluptates alias a. Corrupti aut reiciendis est tempora qui dignissimos quas.',6631.91,'active','2025-07-03 06:10:18','2025-08-02 06:10:18','/uberlandia/caminhoes/42-130',NULL,42,'{\"phone\":\"+13857008470\",\"contact_name\":\"Bettie Mayer\"}',0,'2025-07-03 06:10:18','2025-07-03 06:10:18',NULL),
(131,18,7,4,'Est illum officiis voluptas corrupti.','Officia tempore ratione voluptas molestiae modi sed eos. Hic minus corrupti exercitationem repellendus corporis quam. Quis a harum aspernatur id aliquid distinctio modi sed.',14194.52,'active','2025-07-03 06:10:18','2025-08-02 06:10:18','/guarulhos/motos/42-131',NULL,42,'{\"phone\":\"(781) 398-8042\",\"contact_name\":\"Alexane Glover\"}',0,'2025-07-03 06:10:18','2025-07-03 06:10:18',NULL),
(132,17,4,10,'Rerum dolor nulla consectetur ut.','Alias non delectus corrupti sapiente praesentium eos ipsam. Sed tempore assumenda dolorem modi. Sit eum et quis tempore explicabo sapiente. Quia voluptas dolores consectetur et. Illum qui deleniti et labore impedit ut quidem.',14916.70,'active','2025-07-03 06:10:18','2025-08-02 06:10:18','/belo-horizonte/terrenos/42-132',NULL,42,'{\"phone\":\"+1 (503) 790-5471\",\"contact_name\":\"Prof. Burdette Upton Sr.\"}',0,'2025-07-03 06:10:18','2025-07-03 06:10:18',NULL),
(133,2,8,2,'At nihil nobis ea.','Eveniet quia qui sequi reprehenderit consequuntur. Modi eos eos velit aut. Autem at nihil soluta id consequatur cupiditate consequuntur.',399.34,'active','2025-07-03 06:10:18','2025-08-02 06:10:18','/sao-paulo-cidade/caminhoes/42-133',NULL,42,'{\"phone\":\"+1-630-821-2252\",\"contact_name\":\"Alvera Padberg\"}',0,'2025-07-03 06:10:18','2025-07-03 06:10:18',NULL),
(134,7,6,12,'Rerum et molestias et.','Et sed velit quasi dolorum non quia. Et error aspernatur est dolor. Unde dolores velit ut velit. Dolores voluptas perferendis quibusdam deserunt aliquam dolorem.',10004.12,'active','2025-07-03 06:10:18','2025-08-02 06:10:18','/contagem/carros/42-134',NULL,42,'{\"phone\":\"+1-872-601-9169\",\"contact_name\":\"Dr. Eden Barton V\"}',0,'2025-07-03 06:10:18','2025-07-03 06:10:18',NULL),
(135,9,4,11,'Quo ea amet aut qui aspernatur.','Ut nulla omnis ipsa ducimus. Sunt laudantium vero sunt. Aut officiis nihil natus voluptatem quo. Sint fugiat et molestiae qui fugit non. Rerum incidunt totam vitae dolores numquam expedita. Autem voluptas eum voluptatum reiciendis.',2822.64,'active','2025-07-03 06:10:18','2025-08-02 06:10:18','/uberlandia/terrenos/42-135',NULL,42,'{\"phone\":\"+17373236635\",\"contact_name\":\"Frieda Stamm\"}',0,'2025-07-03 06:10:18','2025-07-03 06:10:18',NULL),
(136,13,3,2,'Est reprehenderit minus ut et beatae et.','Nam inventore quis minima numquam illum. Consequatur in illum minus. Sequi rerum a porro sed reprehenderit ut qui. Consequuntur aut illo sit id aut.',11431.10,'active','2025-07-03 06:10:18','2025-08-02 06:10:18','/sao-paulo-cidade/casas/42-136',NULL,42,'{\"phone\":\"325-523-4174\",\"contact_name\":\"Oliver Strosin\"}',0,'2025-07-03 06:10:18','2025-07-03 06:10:18',NULL),
(137,7,7,12,'Hic aut ullam ea quos voluptatem.','Perspiciatis voluptas excepturi officia delectus. Aliquam recusandae quidem ea totam molestias. Voluptatem qui deleniti ipsa omnis qui aut. Impedit et provident et. Asperiores corrupti eos quia perferendis. Nihil sint atque sed corrupti.',13111.97,'active','2025-07-03 06:10:18','2025-08-02 06:10:18','/contagem/motos/42-137',NULL,42,'{\"phone\":\"1-505-205-0221\",\"contact_name\":\"Ambrose Nienow\"}',0,'2025-07-03 06:10:18','2025-07-03 06:10:18',NULL),
(138,14,6,11,'Accusantium sunt sunt sunt labore.','Magnam quod facere fuga rem repudiandae maiores temporibus delectus. Aut officia cupiditate quam voluptas officia facere. Quam ut accusamus sed adipisci. Repellat sed vitae nam quis.',4843.70,'active','2025-07-03 06:10:18','2025-08-02 06:10:18','/uberlandia/carros/42-138',NULL,42,'{\"phone\":\"(469) 764-1108\",\"contact_name\":\"Dangelo Beatty\"}',0,'2025-07-03 06:10:18','2025-07-03 06:10:18',NULL),
(139,14,7,8,'Neque ipsam cumque eos magni libero.','In sapiente eveniet sed quod ut molestiae itaque. Voluptate fugit aut necessitatibus laborum iure in id eum. Eum debitis adipisci tenetur voluptatem aperiam molestiae. Placeat qui ea quasi quasi ut cumque. Neque earum atque inventore voluptate amet sed rerum.',814.01,'active','2025-07-03 06:10:18','2025-08-02 06:10:18','/nova-iguacu/motos/42-139',NULL,42,'{\"phone\":\"725-789-7864\",\"contact_name\":\"Andreanne Mayert\"}',0,'2025-07-03 06:10:18','2025-07-03 06:10:18',NULL),
(140,10,3,6,'Magnam quod autem numquam veritatis nulla.','Qui repellendus eligendi aperiam vel. Nulla quae aut veritatis delectus. Ullam eaque et voluptatem voluptatem. Cum cum tempore maiores in aliquid.',7366.64,'active','2025-07-03 06:10:18','2025-08-02 06:10:18','/rio-de-janeiro-cidade/casas/42-140',NULL,42,'{\"phone\":\"1-539-456-9493\",\"contact_name\":\"Wava Pollich\"}',0,'2025-07-03 06:10:18','2025-07-03 06:10:18',NULL),
(141,10,2,10,'Odio rerum numquam id.','Et illum asperiores vel rem quo. Dolorem consequatur id quia molestiae. Numquam quibusdam ea nulla accusantium optio. Amet libero non minus eos debitis error vel. Dicta consequatur soluta culpa alias vel quos doloremque.',13129.65,'active','2025-07-03 06:10:18','2025-08-02 06:10:18','/belo-horizonte/apartamentos/42-141',NULL,42,'{\"phone\":\"+1.352.216.9007\",\"contact_name\":\"Adelia Reichel\"}',0,'2025-07-03 06:10:18','2025-07-03 06:10:18',NULL),
(142,3,6,11,'Molestias sed incidunt doloribus.','Recusandae est repellendus totam numquam non. Dolorem nesciunt eum sunt explicabo vel totam architecto. Quo unde ipsa est et autem qui rerum consectetur. Dolores dolorem cumque aspernatur rem.',13758.62,'active','2025-07-03 06:10:18','2025-08-02 06:10:18','/uberlandia/carros/42-142',NULL,42,'{\"phone\":\"1-505-309-3042\",\"contact_name\":\"Hilton Senger\"}',0,'2025-07-03 06:10:18','2025-07-03 06:10:18',NULL),
(143,17,8,10,'Fugit amet qui temporibus quo dolorum nam.','Voluptatem rerum ea voluptatum molestiae corrupti nemo. Consequatur officia sapiente velit facere. Laudantium veniam animi quia quas commodi quia a. Rerum voluptatibus et molestiae facilis dolorem. Occaecati qui velit commodi eligendi et in beatae. Corporis eveniet dolorem nulla.',5166.03,'active','2025-07-03 06:10:18','2025-08-02 06:10:18','/belo-horizonte/caminhoes/42-143',NULL,42,'{\"phone\":\"(854) 880-4434\",\"contact_name\":\"Miss Sarah Tillman MD\"}',0,'2025-07-03 06:10:18','2025-07-03 06:10:18',NULL),
(144,15,3,11,'Expedita fugit possimus quam suscipit.','Et quas magni magni consectetur nostrum occaecati. Omnis veritatis quas sequi magnam voluptate illum. Ipsam eius expedita voluptatum exercitationem. Voluptatem odio tenetur necessitatibus et non dolores saepe aut. Cum magnam fugit nobis odit iusto beatae.',2130.88,'active','2025-07-03 06:10:18','2025-08-02 06:10:18','/uberlandia/casas/42-144',NULL,42,'{\"phone\":\"+1 (424) 844-4219\",\"contact_name\":\"Dr. Arne Weissnat III\"}',0,'2025-07-03 06:10:18','2025-07-03 06:10:18',NULL),
(145,3,4,10,'Dolore enim est id aperiam debitis ut.','Autem dolor placeat quos maxime illo aut et ea. Culpa ad temporibus non sit necessitatibus voluptas quis. Eum magni distinctio sed occaecati non. Minus ab a odit molestias itaque voluptatibus eum. Laborum velit ut veritatis possimus fugit. Dolores ad corporis dolore assumenda saepe atque.',13721.08,'active','2025-07-03 06:10:18','2025-08-02 06:10:18','/belo-horizonte/terrenos/42-145',NULL,42,'{\"phone\":\"973.519.3782\",\"contact_name\":\"Jayda Hyatt\"}',0,'2025-07-03 06:10:18','2025-07-03 06:10:18',NULL),
(146,8,6,2,'Iste quidem hic facere.','Velit aut laudantium sunt dolores incidunt. Itaque totam aperiam voluptas quae. Nihil exercitationem repellat quae est aliquid atque. Nihil nihil non eligendi incidunt. Tenetur hic totam et. Provident harum illo deserunt fugit.',5772.80,'active','2025-07-03 06:10:18','2025-08-02 06:10:18','/sao-paulo-cidade/carros/42-146',NULL,42,'{\"phone\":\"(228) 563-9411\",\"contact_name\":\"Gudrun Walter\"}',0,'2025-07-03 06:10:18','2025-07-03 06:10:18',NULL),
(147,19,8,6,'Et fugit voluptas rerum et.','Eius odit blanditiis nesciunt tempore eaque nisi amet. Nihil molestias fuga neque et est et dolores. Vero aut ut quasi et voluptatibus omnis eius. Reiciendis quidem delectus magnam aspernatur et iusto.',257.47,'active','2025-07-03 06:10:18','2025-08-02 06:10:18','/rio-de-janeiro-cidade/caminhoes/42-147',NULL,42,'{\"phone\":\"+1-283-636-1477\",\"contact_name\":\"Prof. Lori Crooks\"}',0,'2025-07-03 06:10:18','2025-07-03 06:10:18',NULL),
(148,10,6,7,'Minima maiores maxime unde omnis optio.','Eligendi exercitationem iste laborum architecto pariatur facilis neque. Totam perferendis reiciendis nesciunt ab numquam. Ad laboriosam omnis est delectus. Non voluptatibus quis quia nihil doloribus.',12707.09,'active','2025-07-03 06:10:18','2025-08-02 06:10:18','/niteroi/carros/42-148',NULL,42,'{\"phone\":\"559-632-5220\",\"contact_name\":\"Dr. Aiyana McGlynn\"}',0,'2025-07-03 06:10:18','2025-07-03 06:10:18',NULL),
(149,1,8,8,'Iusto voluptatem omnis aspernatur.','Officiis tempore molestiae maiores officia aut at occaecati architecto. At dolores est sit delectus perferendis. Consequatur quia pariatur culpa veritatis voluptatem est.',1813.20,'active','2025-07-03 06:10:18','2025-08-02 06:10:18','/nova-iguacu/caminhoes/42-149',NULL,42,'{\"phone\":\"(680) 341-6041\",\"contact_name\":\"Mrs. Odessa Zieme\"}',0,'2025-07-03 06:10:18','2025-07-03 06:10:18',NULL),
(150,15,7,12,'Dolores enim provident odio in esse inventore.','Inventore qui itaque quam et temporibus ea. Libero quibusdam velit illum. Laudantium a saepe similique voluptatibus consequuntur. Minus autem possimus dolores et corporis facilis quisquam. In minus eligendi facilis sit et.',835.61,'active','2025-07-03 06:10:18','2025-08-02 06:10:18','/contagem/motos/42-150',NULL,42,'{\"phone\":\"1-605-418-1261\",\"contact_name\":\"Pearl Terry\"}',0,'2025-07-03 06:10:18','2025-07-03 06:10:18',NULL),
(151,4,4,4,'Nihil est voluptas soluta.','Iure occaecati aperiam pariatur sunt. A rerum quo voluptas quidem. Doloremque dicta dolor iste deserunt quia fugiat.',6306.55,'active','2025-07-03 06:10:18','2025-08-02 06:10:18','/guarulhos/terrenos/42-151',NULL,42,'{\"phone\":\"+1 (470) 794-7727\",\"contact_name\":\"Dr. Linnea Ratke V\"}',0,'2025-07-03 06:10:18','2025-07-03 06:10:18',NULL),
(152,1,4,7,'Quidem consequatur iusto quo sit quod ab.','Quam earum doloremque modi sequi qui officiis. Porro tempore quia et. Voluptatem voluptate sed sequi sunt.',7605.60,'active','2025-07-03 06:10:18','2025-08-02 06:10:18','/niteroi/terrenos/42-152',NULL,42,'{\"phone\":\"772-363-0681\",\"contact_name\":\"Mr. Ari Gerlach Sr.\"}',0,'2025-07-03 06:10:18','2025-07-03 06:10:18',NULL),
(153,4,8,8,'Eum quam sunt modi consequatur.','Maxime saepe error quasi itaque cum. Qui quod autem nesciunt. Consequatur repellendus maxime voluptatem voluptas ipsa. Delectus nihil et soluta qui facere odit vel.',5998.07,'active','2025-07-03 06:10:18','2025-08-02 06:10:18','/nova-iguacu/caminhoes/42-153',NULL,42,'{\"phone\":\"281-508-3430\",\"contact_name\":\"Chadd Fay\"}',0,'2025-07-03 06:10:18','2025-07-03 06:10:18',NULL),
(154,18,4,10,'Dolorum aut similique vel laudantium consequatur.','Architecto qui repellendus itaque iusto saepe ut magni. Et tempora libero harum cupiditate aspernatur repudiandae nam. Sed vel beatae quod modi exercitationem.',6369.42,'active','2025-07-03 06:10:18','2025-08-02 06:10:18','/belo-horizonte/terrenos/42-154',NULL,42,'{\"phone\":\"(916) 650-0369\",\"contact_name\":\"Dr. Elouise Goyette DDS\"}',0,'2025-07-03 06:10:18','2025-07-03 06:10:18',NULL),
(155,8,4,7,'Eum et voluptatem nisi consequatur quas.','Consequatur et inventore vel iure impedit. Accusamus sed quae modi qui est dignissimos. Voluptatibus quo dicta aut facere tempora. Fuga ea harum assumenda id. Quo sint eos dolor provident sunt corporis. Et ipsa voluptatibus voluptas voluptas tenetur nam qui eligendi.',6391.42,'active','2025-07-03 06:10:18','2025-08-02 06:10:18','/niteroi/terrenos/42-155',NULL,42,'{\"phone\":\"+1-641-846-7562\",\"contact_name\":\"Miss Juanita Schowalter\"}',0,'2025-07-03 06:10:18','2025-07-03 06:10:18',NULL),
(156,16,6,4,'Ut quisquam quas ut aut et.','Molestiae quia fuga nihil minus nihil illum quod quia. Qui et similique velit delectus omnis velit ipsa. Cum aut illo magni voluptates voluptates. Nobis voluptatum sit consectetur iure dolorum.',8283.51,'active','2025-07-03 06:10:18','2025-08-02 06:10:18','/guarulhos/carros/42-156',NULL,42,'{\"phone\":\"+1-516-612-7087\",\"contact_name\":\"Christina Doyle\"}',0,'2025-07-03 06:10:18','2025-07-03 06:10:18',NULL),
(157,6,6,10,'Aut voluptatem rem consequatur.','Dolore aut nihil optio. Nihil quo et aut saepe. Ducimus voluptas hic inventore. Vel dignissimos perferendis illum ullam consequuntur iste minima. Recusandae eos totam numquam inventore. Voluptate aut consequatur eum et dolor aut.',3228.14,'active','2025-07-03 06:10:18','2025-08-02 06:10:18','/belo-horizonte/carros/42-157',NULL,42,'{\"phone\":\"1-337-847-2115\",\"contact_name\":\"Bella Durgan\"}',0,'2025-07-03 06:10:18','2025-07-03 06:10:18',NULL),
(158,1,6,2,'Omnis occaecati cupiditate dicta delectus.','Ea in quo officiis. Dolores repudiandae ipsum totam praesentium. Et cupiditate deserunt tenetur tenetur cumque quas. Et quisquam placeat reiciendis incidunt quia. Voluptatem et eveniet nihil quaerat.',3987.79,'active','2025-07-03 06:10:18','2025-08-02 06:10:18','/sao-paulo-cidade/carros/42-158',NULL,42,'{\"phone\":\"(480) 859-1625\",\"contact_name\":\"Mr. Silas Halvorson I\"}',0,'2025-07-03 06:10:18','2025-07-03 06:10:18',NULL),
(159,10,8,2,'Esse et est omnis voluptatem amet.','Quibusdam iste nesciunt nihil doloribus. Velit et provident odit vero repudiandae ipsum nostrum. Dolores praesentium vel nihil aperiam.',4137.61,'active','2025-07-03 06:10:18','2025-08-02 06:10:18','/sao-paulo-cidade/caminhoes/42-159',NULL,42,'{\"phone\":\"1-520-376-6772\",\"contact_name\":\"Lue Jones\"}',0,'2025-07-03 06:10:18','2025-07-03 06:10:18',NULL),
(160,4,2,2,'Sed sequi et explicabo totam reiciendis reprehenderit.','Assumenda sunt dolore hic explicabo. Labore possimus ipsam ex nisi voluptates. Aliquid ad unde sed adipisci. Et eos ipsa illo consequatur sed.',1774.54,'active','2025-07-03 06:10:18','2025-08-02 06:10:18','/sao-paulo-cidade/apartamentos/42-160',NULL,42,'{\"phone\":\"(779) 269-5100\",\"contact_name\":\"Dr. Rickie White PhD\"}',0,'2025-07-03 06:10:18','2025-07-03 06:10:18',NULL),
(161,7,7,11,'Blanditiis atque et autem ut dignissimos.','Enim molestiae autem sit earum corporis provident. At consequatur libero et et. Minima et est consequatur velit quas deserunt qui repellat. Sint ut deserunt fugit provident ratione. Dolorem ducimus maxime recusandae nemo molestiae magni doloribus totam.',12152.88,'active','2025-07-03 06:10:18','2025-08-02 06:10:18','/uberlandia/motos/42-161',NULL,42,'{\"phone\":\"+18146838487\",\"contact_name\":\"Dr. Filomena Auer IV\"}',0,'2025-07-03 06:10:18','2025-07-03 06:10:18',NULL),
(162,17,6,12,'Iure impedit et molestiae quam eos animi.','Reprehenderit sint porro et minima dolorum deleniti nisi. Cumque nihil unde omnis. Dolores rem ipsam voluptas reiciendis odit suscipit sit quo. Hic tempore sit id ad. Non accusantium pariatur voluptates nesciunt fugit molestias optio.',10876.85,'active','2025-07-03 06:10:18','2025-08-02 06:10:18','/contagem/carros/42-162',NULL,42,'{\"phone\":\"+1.725.929.9476\",\"contact_name\":\"Candice Block\"}',0,'2025-07-03 06:10:18','2025-07-03 06:10:18',NULL),
(163,20,8,8,'Qui occaecati maxime iusto.','A illum enim sed dolores veritatis adipisci. Unde aut ut consectetur est quaerat nam. Aut suscipit laboriosam quasi quisquam. Nostrum voluptates ut facere assumenda quia facilis. Dolorem consequatur quia quo consequatur voluptatem voluptates. Error quia impedit accusantium quibusdam accusantium doloremque harum.',8585.93,'active','2025-07-03 06:10:18','2025-08-02 06:10:18','/nova-iguacu/caminhoes/42-163',NULL,42,'{\"phone\":\"+1 (430) 982-9579\",\"contact_name\":\"Darion Mills IV\"}',0,'2025-07-03 06:10:18','2025-07-03 06:10:18',NULL),
(164,15,3,12,'Sit et nostrum sint et.','Ullam aspernatur earum minus. Ut ea quibusdam ut labore. Ducimus sed et libero aut repellendus optio. Quo quia consequatur autem dicta provident quis eos ab. Totam quia reprehenderit facilis consequatur aspernatur fugiat.',1976.82,'active','2025-07-03 06:10:18','2025-08-02 06:10:18','/contagem/casas/42-164',NULL,42,'{\"phone\":\"+1-708-495-2665\",\"contact_name\":\"Baron Larkin\"}',0,'2025-07-03 06:10:18','2025-07-03 06:10:18',NULL),
(165,4,6,4,'Sequi labore reprehenderit omnis autem magni voluptas.','Porro et et culpa non. Culpa aut molestias in magnam incidunt non. Minima error veniam ullam accusamus in dolores.',14306.28,'active','2025-07-03 06:10:18','2025-08-02 06:10:18','/guarulhos/carros/42-165',NULL,42,'{\"phone\":\"580.529.7652\",\"contact_name\":\"Emory Marks\"}',0,'2025-07-03 06:10:18','2025-07-03 06:10:18',NULL),
(166,15,3,2,'Non accusamus fuga et.','Tempore a commodi voluptas corporis sint. Quo laboriosam totam soluta dicta aspernatur sit. Qui eius deserunt quis est aut aut. Sapiente doloribus vel et. Ab et voluptatem labore magnam enim fuga.',4656.30,'active','2025-07-03 06:10:18','2025-08-02 06:10:18','/sao-paulo-cidade/casas/42-166',NULL,42,'{\"phone\":\"657-659-7766\",\"contact_name\":\"Ethyl Kub\"}',0,'2025-07-03 06:10:18','2025-07-03 06:10:18',NULL),
(167,10,7,3,'Rerum saepe ipsum repudiandae adipisci placeat maxime.','Sit est eum et in facilis illo. Quaerat consequatur sit tempore molestias ab. Nulla accusantium sit architecto amet mollitia rerum. Repellat eum consequatur voluptas eligendi rerum.',9961.21,'active','2025-07-03 06:10:18','2025-08-02 06:10:18','/campinas/motos/42-167',NULL,42,'{\"phone\":\"1-725-465-1486\",\"contact_name\":\"Mr. Judge Johnson DVM\"}',0,'2025-07-03 06:10:18','2025-07-03 06:10:18',NULL),
(168,18,6,2,'Ratione iste culpa esse libero sunt eligendi.','Ut necessitatibus perferendis sed. Corporis mollitia dolor a tenetur esse et dignissimos. Et non aut voluptatem totam ullam ipsum. Iusto et minima aut porro quia harum. Dolorem maiores et placeat iusto. Nam molestiae deleniti beatae sit saepe at.',4228.16,'active','2025-07-03 06:10:18','2025-08-02 06:10:18','/sao-paulo-cidade/carros/42-168',NULL,42,'{\"phone\":\"520.647.2586\",\"contact_name\":\"Virgil Bruen\"}',0,'2025-07-03 06:10:18','2025-07-03 06:10:18',NULL),
(169,1,6,2,'Odit dolores odit expedita iste.','Sit rerum est odio at sunt veniam minima hic. Laboriosam consequatur labore vero necessitatibus praesentium et sint ipsum. Illo aut corporis ad. Eius quia sunt commodi non. Vitae praesentium cumque reiciendis nobis eos magnam vel cupiditate.',5390.14,'active','2025-07-03 06:10:18','2025-08-02 06:10:18','/sao-paulo-cidade/carros/42-169',NULL,42,'{\"phone\":\"364-482-5172\",\"contact_name\":\"Beth Quigley\"}',0,'2025-07-03 06:10:18','2025-07-03 06:10:18',NULL),
(170,5,8,7,'Quaerat ab pariatur architecto distinctio aut sequi.','Voluptates in in minus ipsum magnam. Quam aut sunt ut dolorum dolore. Impedit et aut sapiente voluptatum.',14776.72,'active','2025-07-03 06:10:18','2025-08-02 06:10:18','/niteroi/caminhoes/42-170',NULL,42,'{\"phone\":\"1-628-696-6016\",\"contact_name\":\"Ms. Kaylin Fahey\"}',0,'2025-07-03 06:10:18','2025-07-03 06:10:18',NULL),
(171,14,8,3,'Corrupti minima quia sed id.','Deserunt quibusdam iste quia rerum. Voluptatem deleniti dignissimos qui unde eum distinctio qui. Et et nihil tempore a quis. Ipsum facilis magni pariatur rerum earum. Suscipit consequatur illum quas tempora veniam nesciunt officiis.',8246.65,'active','2025-07-03 06:10:18','2025-08-02 06:10:18','/campinas/caminhoes/42-171',NULL,42,'{\"phone\":\"1-414-337-1872\",\"contact_name\":\"Glenda Veum\"}',0,'2025-07-03 06:10:18','2025-07-03 06:10:18',NULL),
(172,12,3,12,'Sint qui sed consectetur facere.','Sed est eum magnam modi ratione a officia quibusdam. Tempora facere vel dicta ipsa et doloremque dignissimos. Voluptatem fugit ducimus veritatis et porro iste quis. Ut consequatur doloremque fugiat aspernatur nisi mollitia. Velit explicabo quibusdam nostrum neque modi. Voluptatem aut molestiae quo id adipisci magni.',7873.45,'active','2025-07-03 06:10:18','2025-08-02 06:10:18','/contagem/casas/42-172',NULL,42,'{\"phone\":\"(279) 868-6279\",\"contact_name\":\"Makenzie Christiansen\"}',0,'2025-07-03 06:10:18','2025-07-03 06:10:18',NULL),
(173,15,3,8,'Dicta voluptatibus eos voluptatem suscipit.','Minima cumque quod quia quaerat nesciunt dicta doloribus est. Omnis ullam assumenda veritatis odio autem a. Ducimus nihil vero molestias repellat et.',4423.06,'active','2025-07-03 06:10:18','2025-08-02 06:10:18','/nova-iguacu/casas/42-173',NULL,42,'{\"phone\":\"443.215.5098\",\"contact_name\":\"Mrs. Virgie Lebsack Sr.\"}',0,'2025-07-03 06:10:18','2025-07-03 06:10:18',NULL),
(174,11,4,11,'Neque sit possimus expedita.','Qui optio deserunt et consequatur reprehenderit. Rerum maxime et est eum. Ullam iste veniam et nisi perspiciatis. Modi omnis nemo earum quod est sint. Esse eum itaque dolor sed eligendi molestiae.',4959.10,'active','2025-07-03 06:10:18','2025-08-02 06:10:18','/uberlandia/terrenos/42-174',NULL,42,'{\"phone\":\"929-872-3818\",\"contact_name\":\"Bettie Carroll\"}',0,'2025-07-03 06:10:18','2025-07-03 06:10:18',NULL),
(175,2,4,8,'Debitis perferendis et perspiciatis dolore.','Rerum dolorem omnis a iure. A omnis quaerat tempore quaerat rem est consequatur. Magnam et consequatur explicabo et odio vitae. Amet perspiciatis possimus est est voluptatem. Neque voluptate quos eius veritatis suscipit.',9286.60,'active','2025-07-03 06:10:18','2025-08-02 06:10:18','/nova-iguacu/terrenos/42-175',NULL,42,'{\"phone\":\"+1-346-914-9714\",\"contact_name\":\"Cale Bergnaum MD\"}',0,'2025-07-03 06:10:18','2025-07-03 06:10:18',NULL),
(176,14,6,2,'Earum rem eum cumque esse.','Explicabo vero facere eos enim ipsum. Ex voluptas quod ipsum consectetur necessitatibus. Praesentium architecto et eos. Et vero earum ducimus dolore tempora. Vitae aperiam dolorum non eligendi fugiat alias provident facilis. Nemo maxime provident pariatur ab rerum nihil perferendis et.',5393.42,'active','2025-07-03 06:10:18','2025-08-02 06:10:18','/sao-paulo-cidade/carros/42-176',NULL,42,'{\"phone\":\"+1-540-807-2388\",\"contact_name\":\"Miss Leola Lubowitz DDS\"}',0,'2025-07-03 06:10:18','2025-07-03 06:10:18',NULL),
(177,5,6,8,'Qui fuga voluptatem eos itaque asperiores.','Qui deserunt impedit et dolore libero consequatur. Deserunt ut hic autem nam corrupti. Ut illo vitae quis repudiandae dolor. Natus debitis nemo neque esse et.',463.04,'active','2025-07-03 06:10:18','2025-08-02 06:10:18','/nova-iguacu/carros/42-177',NULL,42,'{\"phone\":\"985-951-5201\",\"contact_name\":\"Schuyler Fahey\"}',0,'2025-07-03 06:10:18','2025-07-03 06:10:18',NULL),
(178,7,7,11,'A error optio nostrum error non.','Et recusandae non non velit doloremque enim id. Autem voluptates expedita explicabo necessitatibus inventore voluptate aperiam nam. Voluptas dolores ut officia atque fugiat aut ut. Dolorem magni voluptatibus ipsum blanditiis voluptatem. Perferendis assumenda aperiam aut minus consectetur repudiandae illum excepturi. Ullam qui consequatur et accusantium aut et occaecati.',11770.56,'active','2025-07-03 06:10:18','2025-08-02 06:10:18','/uberlandia/motos/42-178',NULL,42,'{\"phone\":\"+1-629-787-9368\",\"contact_name\":\"Ms. Domenica DuBuque IV\"}',0,'2025-07-03 06:10:18','2025-07-03 06:10:18',NULL),
(179,17,7,7,'Nemo dolorum voluptatem placeat.','Voluptatum dolores est beatae error unde aut ipsum corrupti. Architecto deserunt dolorum alias cupiditate. Velit voluptatum vitae quasi iure voluptatum quibusdam enim.',10873.15,'active','2025-07-03 06:10:18','2025-08-02 06:10:18','/niteroi/motos/42-179',NULL,42,'{\"phone\":\"808.657.5057\",\"contact_name\":\"Dr. Trenton Ruecker Jr.\"}',0,'2025-07-03 06:10:18','2025-07-03 06:10:18',NULL),
(180,1,8,8,'Eum perspiciatis qui omnis ea temporibus aliquam.','Incidunt quo ea eveniet porro. Dolor ut ut non aut doloribus. Quis neque quae qui et.',1363.76,'active','2025-07-03 06:10:18','2025-08-02 06:10:18','/nova-iguacu/caminhoes/42-180',NULL,42,'{\"phone\":\"762-283-3977\",\"contact_name\":\"Lela Beatty II\"}',0,'2025-07-03 06:10:18','2025-07-03 06:10:18',NULL),
(181,20,7,3,'Deleniti suscipit similique alias dolores accusamus voluptas.','Hic quo fuga expedita asperiores distinctio. Reiciendis porro minima ea quas. Voluptatibus eaque pariatur consectetur dolores quasi praesentium quia. Autem enim voluptas dolorem aut unde.',7676.12,'active','2025-07-03 06:10:18','2025-08-02 06:10:18','/campinas/motos/42-181',NULL,42,'{\"phone\":\"+19042626331\",\"contact_name\":\"Marie Bahringer\"}',0,'2025-07-03 06:10:18','2025-07-03 06:10:18',NULL),
(182,3,3,6,'Fugit qui consequatur et.','Illum possimus doloremque ea ad. Placeat ut voluptatum ab aut labore. Iste nemo nam in ullam nobis unde.',8633.24,'active','2025-07-03 06:10:18','2025-08-02 06:10:18','/rio-de-janeiro-cidade/casas/42-182',NULL,42,'{\"phone\":\"213-779-0893\",\"contact_name\":\"Shanelle Blanda\"}',0,'2025-07-03 06:10:18','2025-07-03 06:10:18',NULL),
(183,12,4,4,'Minima tempore voluptas explicabo ea consequatur atque.','Velit maiores vero cumque voluptatem similique ab omnis. Est accusantium velit facilis modi debitis. Reprehenderit corporis iusto dicta aliquid voluptatem. Nobis repellat tempora maxime autem in quidem quia. Laboriosam molestias distinctio nam facere. Iusto velit est quo ratione consequatur.',843.68,'active','2025-07-03 06:10:18','2025-08-02 06:10:18','/guarulhos/terrenos/42-183',NULL,42,'{\"phone\":\"270-843-2768\",\"contact_name\":\"Clifton Weber\"}',0,'2025-07-03 06:10:18','2025-07-03 06:10:18',NULL),
(184,3,2,6,'Suscipit doloremque dolores fuga molestiae eum.','Suscipit assumenda omnis officiis sapiente sint quia dolor. Similique aspernatur rerum et accusantium voluptatum eius. Non aut ex aut saepe. Maxime ad perferendis ut nesciunt est commodi. Rerum in qui consequatur rerum et voluptatum neque.',4965.79,'active','2025-07-03 06:10:18','2025-08-02 06:10:18','/rio-de-janeiro-cidade/apartamentos/42-184',NULL,42,'{\"phone\":\"864-654-1600\",\"contact_name\":\"Kip Deckow\"}',0,'2025-07-03 06:10:18','2025-07-03 06:10:18',NULL),
(185,6,4,7,'Et fugiat quod similique voluptatibus.','Mollitia vero provident delectus facere ex. Illo ad recusandae aut dolores et. Blanditiis voluptates quae corrupti.',14273.73,'active','2025-07-03 06:10:18','2025-08-02 06:10:18','/niteroi/terrenos/42-185',NULL,42,'{\"phone\":\"+1.442.820.8374\",\"contact_name\":\"Mckenna Steuber\"}',0,'2025-07-03 06:10:18','2025-07-03 06:10:18',NULL),
(186,14,4,8,'Doloremque dolor ipsa libero molestiae sed deleniti.','Eos itaque culpa voluptas omnis et enim distinctio est. Error dolor maiores vel quibusdam placeat exercitationem qui. Deleniti voluptas deleniti voluptates et reprehenderit minima. Facilis dignissimos aut hic ut sint. Magnam nisi et deleniti nostrum dolore.',11234.57,'active','2025-07-03 06:10:18','2025-08-02 06:10:18','/nova-iguacu/terrenos/42-186',NULL,42,'{\"phone\":\"+1-854-310-1703\",\"contact_name\":\"Alene Rice\"}',0,'2025-07-03 06:10:18','2025-07-03 06:10:18',NULL),
(187,9,2,3,'Vel esse est quod unde esse.','Quo ea voluptatem hic molestiae perferendis cupiditate. Nihil et ut ratione doloribus cupiditate amet. Itaque id saepe aspernatur velit sint sed ipsa. Incidunt doloremque occaecati ut qui molestiae dicta.',12141.31,'active','2025-07-03 06:10:18','2025-08-02 06:10:18','/campinas/apartamentos/42-187',NULL,42,'{\"phone\":\"678.226.1945\",\"contact_name\":\"Francis Altenwerth\"}',0,'2025-07-03 06:10:18','2025-07-03 06:10:18',NULL),
(188,12,6,2,'Maiores consequatur et ut repellendus et aliquid.','Dolores quis aliquam autem maxime corrupti beatae quis. Amet reiciendis ullam non voluptatem dolores. Explicabo id quis quibusdam ipsum minus officia. Nam ab quam qui sequi. Aliquam deleniti qui vel blanditiis asperiores iure.',3559.38,'active','2025-07-03 06:10:18','2025-08-02 06:10:18','/sao-paulo-cidade/carros/42-188',NULL,42,'{\"phone\":\"+16164978747\",\"contact_name\":\"Dr. Angelita Parisian Jr.\"}',0,'2025-07-03 06:10:18','2025-07-03 06:10:18',NULL),
(189,1,3,7,'Quia qui mollitia atque nemo.','Modi architecto totam magni voluptatem. Totam ut ab sit qui veritatis rerum. Atque consequatur ab et eum.',8397.43,'active','2025-07-03 06:10:18','2025-08-02 06:10:18','/niteroi/casas/42-189',NULL,42,'{\"phone\":\"(458) 273-0298\",\"contact_name\":\"Mafalda Schulist\"}',0,'2025-07-03 06:10:18','2025-07-03 06:10:18',NULL),
(190,10,8,7,'Facilis veniam fuga dolor molestias.','Incidunt id quis adipisci quaerat eos autem. Voluptatem expedita aut dolore modi id dolor fuga. Repellat consequatur numquam ullam consequatur ipsum. Voluptatum et cupiditate debitis. Velit ut fugiat minus voluptate et numquam commodi.',13475.64,'active','2025-07-03 06:10:18','2025-08-02 06:10:18','/niteroi/caminhoes/42-190',NULL,42,'{\"phone\":\"(540) 534-0779\",\"contact_name\":\"Alayna Rippin\"}',0,'2025-07-03 06:10:18','2025-07-03 06:10:18',NULL),
(191,20,7,10,'Dolorum veritatis et rerum.','Ea aut sapiente ut et. Occaecati aut sit qui quia earum consequatur alias possimus. Aut quae quis est eos quia provident magni. Voluptates est eos sit ullam consequatur. Et magnam qui ea perferendis blanditiis qui fugiat.',5294.16,'active','2025-07-03 06:10:18','2025-08-02 06:10:18','/belo-horizonte/motos/42-191',NULL,42,'{\"phone\":\"512.900.1242\",\"contact_name\":\"Mr. Darren Bode\"}',0,'2025-07-03 06:10:18','2025-07-03 06:10:18',NULL),
(192,5,4,10,'Est non omnis illum cumque hic.','Omnis nemo possimus laudantium odio. Molestiae aperiam eos aliquid et odio quibusdam ullam. Sunt consequuntur est eligendi vel eligendi tempore enim sit. Et molestias quibusdam recusandae. Tempora minima vel magni molestiae consequuntur autem. At sunt sed qui sit.',11143.58,'active','2025-07-03 06:10:18','2025-08-02 06:10:18','/belo-horizonte/terrenos/42-192',NULL,42,'{\"phone\":\"(260) 428-8829\",\"contact_name\":\"Lindsay Lubowitz\"}',0,'2025-07-03 06:10:18','2025-07-03 06:10:18',NULL),
(193,5,4,11,'Cumque accusantium voluptatum perspiciatis ab est sint.','Deleniti inventore sed amet quis voluptas reprehenderit fugit. Consequatur fugit velit perspiciatis magnam. Et aut doloremque est modi in aut quod voluptas. Sunt molestiae consequuntur et iure nulla ipsum. Maxime doloremque et reiciendis debitis error vero dicta.',9824.81,'active','2025-07-03 06:10:18','2025-08-02 06:10:18','/uberlandia/terrenos/42-193',NULL,42,'{\"phone\":\"714-339-0388\",\"contact_name\":\"Prof. Lucas Senger V\"}',0,'2025-07-03 06:10:18','2025-07-03 06:10:18',NULL),
(194,1,4,12,'Quaerat voluptatibus nihil rerum provident a rerum.','Fugiat aut rerum in quia. Atque non eum rem et modi nam. Quisquam et magnam saepe nemo iusto et. Maiores magni modi voluptatum nulla. Aut et neque qui optio voluptates eveniet suscipit.',11648.45,'active','2025-07-03 06:10:18','2025-08-02 06:10:18','/contagem/terrenos/42-194',NULL,42,'{\"phone\":\"(202) 810-5945\",\"contact_name\":\"Boris Mosciski\"}',0,'2025-07-03 06:10:18','2025-07-03 06:10:18',NULL),
(195,17,2,8,'Quis nobis maiores labore provident.','Reiciendis voluptatem facilis fuga. Eum eligendi dolore excepturi consequuntur id eos quod. Dolores eius cum vitae sed est consequuntur ut. Nostrum sed maxime enim.',12179.13,'active','2025-07-03 06:10:18','2025-08-02 06:10:18','/nova-iguacu/apartamentos/42-195',NULL,42,'{\"phone\":\"283-692-1835\",\"contact_name\":\"Reinhold Murray\"}',0,'2025-07-03 06:10:18','2025-07-03 06:10:18',NULL),
(196,6,3,7,'Pariatur maiores recusandae asperiores ullam molestiae.','Accusantium nihil non sint ut amet neque aut. Adipisci et atque officia consequatur sed maxime. Consequatur accusamus cupiditate exercitationem omnis iure beatae natus. Velit recusandae consequatur cupiditate pariatur.',9603.74,'active','2025-07-03 06:10:18','2025-08-02 06:10:18','/niteroi/casas/42-196',NULL,42,'{\"phone\":\"+1-872-929-4582\",\"contact_name\":\"Dr. Meda Hill\"}',0,'2025-07-03 06:10:18','2025-07-03 06:10:18',NULL),
(197,16,6,12,'Sed veniam beatae illum.','Provident reprehenderit fuga recusandae reprehenderit est repudiandae et. Provident dolorem voluptatem quaerat dolores. Harum aut illum voluptas minus autem rerum enim. Quam debitis aliquid maiores alias minus ut nisi corrupti. Et dolorem quae aspernatur quam eaque saepe repudiandae excepturi.',10650.40,'active','2025-07-03 06:10:18','2025-08-02 06:10:18','/contagem/carros/42-197',NULL,42,'{\"phone\":\"1-315-857-0452\",\"contact_name\":\"Dr. Virgie Abernathy Jr.\"}',0,'2025-07-03 06:10:18','2025-07-03 06:10:18',NULL),
(198,8,6,3,'Dolor sit laborum eos.','Cupiditate eius enim dolorum ipsam quia. Laudantium asperiores laudantium enim quibusdam laudantium autem. Molestiae sit sit error repellat officia accusamus. Sed dolor voluptas sit illo dolore et. Beatae ut eos perferendis distinctio quis.',13091.54,'active','2025-07-03 06:10:18','2025-08-02 06:10:18','/campinas/carros/42-198',NULL,42,'{\"phone\":\"+1 (623) 474-7794\",\"contact_name\":\"Noble Monahan\"}',0,'2025-07-03 06:10:18','2025-07-03 06:10:18',NULL),
(199,16,3,7,'Consequatur quia nam quia natus qui dolorem.','At dignissimos repellendus aliquid repellat incidunt. Velit suscipit necessitatibus mollitia et optio voluptatum sed. Quia cum quam rerum consequuntur quo ea alias.',14231.51,'active','2025-07-03 06:10:18','2025-08-02 06:10:18','/niteroi/casas/42-199',NULL,42,'{\"phone\":\"361.266.6278\",\"contact_name\":\"Prof. Tressie Dibbert\"}',0,'2025-07-03 06:10:18','2025-07-03 06:10:18',NULL),
(200,17,3,3,'Voluptatem ipsum consequatur ut architecto perferendis.','Quidem possimus quis ut neque occaecati rem sed. Quas eaque deleniti animi facilis. Aliquid sit cumque molestias voluptatem quas sint qui. Illo non modi molestiae facere sed. Nam autem quis exercitationem at qui molestias repudiandae.',949.37,'active','2025-07-03 06:10:18','2025-08-02 06:10:18','/campinas/casas/42-200',NULL,42,'{\"phone\":\"+12403909595\",\"contact_name\":\"Dr. Tiffany Mayert\"}',0,'2025-07-03 06:10:18','2025-07-03 06:10:18',NULL);

--
-- Table structure for table `categories`
--

CREATE TABLE `categories` (
  `id` bigint(20) unsigned NOT NULL AUTO_INCREMENT,
  `name` varchar(255) NOT NULL,
  `slug` varchar(255) NOT NULL,
  `parent_id` bigint(20) unsigned DEFAULT NULL,
  `created_at` timestamp NULL DEFAULT NULL,
  `updated_at` timestamp NULL DEFAULT NULL,
  PRIMARY KEY (`id`),
  UNIQUE KEY `categories_slug_unique` (`slug`),
  KEY `categories_parent_id_foreign` (`parent_id`),
  CONSTRAINT `categories_parent_id_foreign` FOREIGN KEY (`parent_id`) REFERENCES `categories` (`id`) ON DELETE CASCADE
) ENGINE=InnoDB AUTO_INCREMENT=9 DEFAULT CHARSET=utf8mb4 COLLATE=utf8mb4_unicode_ci;

--
-- Dumping data for table `categories`
--

INSERT INTO `categories` VALUES
(1,'Imóveis','imoveis',NULL,'2025-07-03 06:10:17','2025-07-03 06:10:17'),
(2,'Apartamentos','apartamentos',1,'2025-07-03 06:10:17','2025-07-03 06:10:17'),
(3,'Casas','casas',1,'2025-07-03 06:10:17','2025-07-03 06:10:17'),
(4,'Terrenos','terrenos',1,'2025-07-03 06:10:17','2025-07-03 06:10:17'),
(5,'Veículos','veiculos',NULL,'2025-07-03 06:10:17','2025-07-03 06:10:17'),
(6,'Carros','carros',5,'2025-07-03 06:10:17','2025-07-03 06:10:17'),
(7,'Motos','motos',5,'2025-07-03 06:10:17','2025-07-03 06:10:17'),
(8,'Caminhões','caminhoes',5,'2025-07-03 06:10:17','2025-07-03 06:10:17');

--
-- Table structure for table `failed_jobs`
--

CREATE TABLE `failed_jobs` (
  `id` bigint(20) unsigned NOT NULL AUTO_INCREMENT,
  `uuid` varchar(255) NOT NULL,
  `connection` text NOT NULL,
  `queue` text NOT NULL,
  `payload` longtext NOT NULL,
  `exception` longtext NOT NULL,
  `failed_at` timestamp NOT NULL DEFAULT current_timestamp(),
  PRIMARY KEY (`id`),
  UNIQUE KEY `failed_jobs_uuid_unique` (`uuid`)
) ENGINE=InnoDB DEFAULT CHARSET=utf8mb4 COLLATE=utf8mb4_unicode_ci;

--
-- Dumping data for table `failed_jobs`
--


--
-- Table structure for table `job_batches`
--

CREATE TABLE `job_batches` (
  `id` varchar(255) NOT NULL,
  `name` varchar(255) NOT NULL,
  `total_jobs` int(11) NOT NULL,
  `pending_jobs` int(11) NOT NULL,
  `failed_jobs` int(11) NOT NULL,
  `failed_job_ids` longtext NOT NULL,
  `options` mediumtext DEFAULT NULL,
  `cancelled_at` int(11) DEFAULT NULL,
  `created_at` int(11) NOT NULL,
  `finished_at` int(11) DEFAULT NULL,
  PRIMARY KEY (`id`)
) ENGINE=InnoDB DEFAULT CHARSET=utf8mb4 COLLATE=utf8mb4_unicode_ci;

--
-- Dumping data for table `job_batches`
--


--
-- Table structure for table `jobs`
--

CREATE TABLE `jobs` (
  `id` bigint(20) unsigned NOT NULL AUTO_INCREMENT,
  `queue` varchar(255) NOT NULL,
  `payload` longtext NOT NULL,
  `attempts` tinyint(3) unsigned NOT NULL,
  `reserved_at` int(10) unsigned DEFAULT NULL,
  `available_at` int(10) unsigned NOT NULL,
  `created_at` int(10) unsigned NOT NULL,
  PRIMARY KEY (`id`),
  KEY `jobs_queue_index` (`queue`)
) ENGINE=InnoDB DEFAULT CHARSET=utf8mb4 COLLATE=utf8mb4_unicode_ci;

--
-- Dumping data for table `jobs`
--


--
-- Table structure for table `locations`
--

CREATE TABLE `locations` (
  `id` bigint(20) unsigned NOT NULL AUTO_INCREMENT,
  `name` varchar(255) NOT NULL,
  `slug` varchar(255) NOT NULL,
  `type` enum('state','city') NOT NULL,
  `parent_id` bigint(20) unsigned DEFAULT NULL,
  `created_at` timestamp NULL DEFAULT NULL,
  `updated_at` timestamp NULL DEFAULT NULL,
  PRIMARY KEY (`id`),
  UNIQUE KEY `locations_slug_unique` (`slug`),
  KEY `locations_parent_id_foreign` (`parent_id`),
  CONSTRAINT `locations_parent_id_foreign` FOREIGN KEY (`parent_id`) REFERENCES `locations` (`id`) ON DELETE CASCADE
) ENGINE=InnoDB AUTO_INCREMENT=13 DEFAULT CHARSET=utf8mb4 COLLATE=utf8mb4_unicode_ci;

--
-- Dumping data for table `locations`
--

INSERT INTO `locations` VALUES
(1,'São Paulo','sao-paulo','state',NULL,'2025-07-03 06:10:17','2025-07-03 06:10:17'),
(2,'São Paulo (Cidade)','sao-paulo-cidade','city',1,'2025-07-03 06:10:17','2025-07-03 06:10:17'),
(3,'Campinas','campinas','city',1,'2025-07-03 06:10:17','2025-07-03 06:10:17'),
(4,'Guarulhos','guarulhos','city',1,'2025-07-03 06:10:17','2025-07-03 06:10:17'),
(5,'Rio de Janeiro','rio-de-janeiro','state',NULL,'2025-07-03 06:10:17','2025-07-03 06:10:17'),
(6,'Rio de Janeiro (Cidade)','rio-de-janeiro-cidade','city',5,'2025-07-03 06:10:17','2025-07-03 06:10:17'),
(7,'Niterói','niteroi','city',5,'2025-07-03 06:10:17','2025-07-03 06:10:17'),
(8,'Nova Iguaçu','nova-iguacu','city',5,'2025-07-03 06:10:17','2025-07-03 06:10:17'),
(9,'Minas Gerais','minas-gerais','state',NULL,'2025-07-03 06:10:17','2025-07-03 06:10:17'),
(10,'Belo Horizonte','belo-horizonte','city',9,'2025-07-03 06:10:17','2025-07-03 06:10:17'),
(11,'Uberlândia','uberlandia','city',9,'2025-07-03 06:10:17','2025-07-03 06:10:17'),
(12,'Contagem','contagem','city',9,'2025-07-03 06:10:17','2025-07-03 06:10:17');

--
-- Table structure for table `migrations`
--

CREATE TABLE `migrations` (
  `id` int(10) unsigned NOT NULL AUTO_INCREMENT,
  `migration` varchar(255) NOT NULL,
  `batch` int(11) NOT NULL,
  PRIMARY KEY (`id`)
) ENGINE=InnoDB AUTO_INCREMENT=10 DEFAULT CHARSET=utf8mb4 COLLATE=utf8mb4_unicode_ci;

--
-- Dumping data for table `migrations`
--

INSERT INTO `migrations` VALUES
(1,'0001_01_01_000000_create_users_table',1),
(2,'0001_01_01_000001_create_cache_table',1),
(3,'0001_01_01_000002_create_jobs_table',1),
(4,'2025_06_30_141847_create_locations_table',1),
(5,'2025_06_30_141906_create_categories_table',1),
(6,'2025_06_30_142011_create_ads_table',1),
(7,'2025_06_30_142024_create_ad_images_table',1),
(8,'2025_06_30_142037_create_ad_user_pivot_table',1),
(9,'2025_06_30_142053_create_subscribers_table',1);

--
-- Table structure for table `sessions`
--

CREATE TABLE `sessions` (
  `id` varchar(255) NOT NULL,
  `user_id` bigint(20) unsigned DEFAULT NULL,
  `ip_address` varchar(45) DEFAULT NULL,
  `user_agent` text DEFAULT NULL,
  `payload` longtext NOT NULL,
  `last_activity` int(11) NOT NULL,
  PRIMARY KEY (`id`),
  KEY `sessions_user_id_index` (`user_id`),
  KEY `sessions_last_activity_index` (`last_activity`)
) ENGINE=InnoDB DEFAULT CHARSET=utf8mb4 COLLATE=utf8mb4_unicode_ci;

--
-- Dumping data for table `sessions`
--

INSERT INTO `sessions` VALUES
('b0fNsN3rIBAUCYtfQHYybmw4I4XjyU6nmGIoD34H',NULL,'147.185.132.24','curl/7.68.0','YTozOntzOjY6Il90b2tlbiI7czo0MDoiWVN0OWRTUlBaYUZqMEtYaHpFRnpDc0F5eGE0YmJXWkF5em8yaE1pNCI7czo5OiJfcHJldmlvdXMiO2E6MTp7czozOiJ1cmwiO3M6MjY6Imh0dHA6Ly8xMDQuMTMwLjEyNC40ODo4MDAwIjt9czo2OiJfZmxhc2giO2E6Mjp7czozOiJvbGQiO2E6MDp7fXM6MzoibmV3IjthOjA6e319fQ==',1751510770),
('GMcacAHWP82sFKDvqXTdbM49uQDWPFl83HHcXXWq',NULL,'45.131.155.253','Mozilla/5.0 (Windows NT 10.0; Win64; x64; rv:102.0) Gecko/20100101 Firefox/102.0','YTozOntzOjY6Il90b2tlbiI7czo0MDoiSnpzUFVzV1k0TmV3bmE4Y0t1cldwRjVYcTcwSjRYaGQxMVpSM0xEbSI7czo5OiJfcHJldmlvdXMiO2E6MTp7czozOiJ1cmwiO3M6MjY6Imh0dHA6Ly8xMDQuMTMwLjEyNC40ODo4MDAwIjt9czo2OiJfZmxhc2giO2E6Mjp7czozOiJvbGQiO2E6MDp7fXM6MzoibmV3IjthOjA6e319fQ==',1751499568),
('j8ytaq6FGmIDkAKgbtlBPGu3JRcIWJqnWfvwamMr',NULL,'199.45.155.93','Mozilla/5.0 (compatible; CensysInspect/1.1; +https://about.censys.io/)','YTozOntzOjY6Il90b2tlbiI7czo0MDoid3NTOHhLa2ZObnBpZUJxdDdITERmN0x3dXBRdkVORU1sMW9jQ3ZtViI7czo5OiJfcHJldmlvdXMiO2E6MTp7czozOiJ1cmwiO3M6NDI6Imh0dHA6Ly9uZXcuY2xhc3NpZmljYWRvcy1icmFzaWwuY29tL3B1YmxpYyI7fXM6NjoiX2ZsYXNoIjthOjI6e3M6Mzoib2xkIjthOjA6e31zOjM6Im5ldyI7YTowOnt9fX0=',1751524764),
('mZDPq5Pkb2ZvZqjGK4u2gtNhpb0oYyAsYwfzlbC2',NULL,'200.105.158.198','Mozilla/5.0 (Windows NT 10.0; Win64; x64) AppleWebKit/537.36 (KHTML, like Gecko) Chrome/138.0.0.0 Safari/537.36','YTozOntzOjY6Il90b2tlbiI7czo0MDoiNHJYNTFFaFhUaXlBZmVSNk9YRjlvVmszbGY5MjZSbDUwTGtXRjFGUiI7czo2OiJfZmxhc2giO2E6Mjp7czozOiJuZXciO2E6MDp7fXM6Mzoib2xkIjthOjA6e319czo5OiJfcHJldmlvdXMiO2E6MTp7czozOiJ1cmwiO3M6MjY6Imh0dHA6Ly8xMDQuMTMwLjEyNC40ODo4MDAwIjt9fQ==',1751510553),
('T3fpyLZdYd19mnVMQCmdblCdzRSey9u9HcXjrRjP',NULL,'87.236.176.132','Mozilla/5.0 (compatible; InternetMeasurement/1.0; +https://internet-measurement.com/)','YTozOntzOjY6Il90b2tlbiI7czo0MDoiZGFTSU9Nc2F2Yk9BdGpndEZyQ3FOeXB2dkVidkZ3ZUVZVGpwdmdWNCI7czo5OiJfcHJldmlvdXMiO2E6MTp7czozOiJ1cmwiO3M6MjY6Imh0dHA6Ly8xMDQuMTMwLjEyNC40ODo4MDAwIjt9czo2OiJfZmxhc2giO2E6Mjp7czozOiJvbGQiO2E6MDp7fXM6MzoibmV3IjthOjA6e319fQ==',1751506516),
('Z8mvLsJMaJQ4BuyGzuayH2VUIcY6X1O0lR9w62PQ',NULL,'206.168.34.57','Mozilla/5.0 (compatible; CensysInspect/1.1; +https://about.censys.io/)','YTozOntzOjY6Il90b2tlbiI7czo0MDoiUVJEbnJGMU96N1RNQ1NocFMwWnhxaVFSWTBmRnZYTEFpR3VBeWd4ZiI7czo5OiJfcHJldmlvdXMiO2E6MTp7czozOiJ1cmwiO3M6MjY6Imh0dHA6Ly8xMDQuMTMwLjEyNC40ODo4MDAwIjt9czo2OiJfZmxhc2giO2E6Mjp7czozOiJvbGQiO2E6MDp7fXM6MzoibmV3IjthOjA6e319fQ==',1751511583);


